{"id":4822,"date":"2021-12-21T10:30:37","date_gmt":"2021-12-21T09:30:37","guid":{"rendered":"https:\/\/agence-webmarketing.eu\/camping-pdb\/?page_id=4822"},"modified":"2023-12-13T11:52:21","modified_gmt":"2023-12-13T10:52:21","slug":"lodges","status":"publish","type":"page","link":"https:\/\/agence-webmarketing.eu\/camping-pdb\/hebergements\/lodges\/","title":{"rendered":"Lodges"},"content":{"rendered":"\t\t<div data-elementor-type=\"wp-page\" data-elementor-id=\"4822\" class=\"elementor elementor-4822\">\n\t\t\t\t\t\t<section class=\"elementor-section elementor-top-section elementor-element elementor-element-66eff498 elementor-section-stretched elementor-section-full_width elementor-section-height-min-height elementor-section-height-default elementor-section-items-middle\" data-id=\"66eff498\" data-element_type=\"section\" data-settings=\"{&quot;stretch_section&quot;:&quot;section-stretched&quot;,&quot;background_background&quot;:&quot;classic&quot;}\">\n\t\t\t\t\t\t<div class=\"elementor-container elementor-column-gap-default\">\n\t\t\t\t\t<div class=\"elementor-column elementor-col-50 elementor-top-column elementor-element elementor-element-5be4dd8 elementor-invisible\" data-id=\"5be4dd8\" data-element_type=\"column\" data-settings=\"{&quot;background_background&quot;:&quot;classic&quot;,&quot;animation&quot;:&quot;fadeInLeft&quot;,&quot;animation_delay&quot;:5}\">\n\t\t\t<div class=\"elementor-widget-wrap elementor-element-populated\">\n\t\t\t\t\t\t<div class=\"elementor-element elementor-element-2aeefcd9 elementor-widget elementor-widget-heading\" data-id=\"2aeefcd9\" data-element_type=\"widget\" data-widget_type=\"heading.default\">\n\t\t\t\t<div class=\"elementor-widget-container\">\n\t\t\t\t\t<p class=\"elementor-heading-title elementor-size-default\">R\u00e9servez votre<\/br><b>Bungalow<\/b> Lodge!<\/p>\t\t\t\t<\/div>\n\t\t\t\t<\/div>\n\t\t\t\t<div class=\"elementor-element elementor-element-17ae1cf2 elementor-align-left elementor-widget elementor-widget-button\" data-id=\"17ae1cf2\" data-element_type=\"widget\" data-widget_type=\"button.default\">\n\t\t\t\t<div class=\"elementor-widget-container\">\n\t\t\t\t\t\t\t\t\t<div class=\"elementor-button-wrapper\">\n\t\t\t\t\t<a class=\"elementor-button elementor-button-link elementor-size-sm elementor-animation-float\" href=\"#hebergements\" target=\"_blank\">\n\t\t\t\t\t\t<span class=\"elementor-button-content-wrapper\">\n\t\t\t\t\t\t\t\t\t<span class=\"elementor-button-text\">D\u00e9couvrir nos h\u00e9bergements <\/span>\n\t\t\t\t\t<\/span>\n\t\t\t\t\t<\/a>\n\t\t\t\t<\/div>\n\t\t\t\t\t\t\t\t<\/div>\n\t\t\t\t<\/div>\n\t\t\t\t\t<\/div>\n\t\t<\/div>\n\t\t\t\t<div class=\"elementor-column elementor-col-50 elementor-top-column elementor-element elementor-element-79b44a98\" data-id=\"79b44a98\" data-element_type=\"column\">\n\t\t\t<div class=\"elementor-widget-wrap\">\n\t\t\t\t\t\t\t<\/div>\n\t\t<\/div>\n\t\t\t\t\t<\/div>\n\t\t<\/section>\n\t\t\t\t<section class=\"elementor-section elementor-top-section elementor-element elementor-element-e8f8a7d elementor-section-stretched elementor-section-boxed elementor-section-height-default elementor-section-height-default\" data-id=\"e8f8a7d\" data-element_type=\"section\" data-settings=\"{&quot;stretch_section&quot;:&quot;section-stretched&quot;,&quot;background_background&quot;:&quot;classic&quot;}\">\n\t\t\t\t\t\t<div class=\"elementor-container elementor-column-gap-default\">\n\t\t\t\t\t<div class=\"elementor-column elementor-col-100 elementor-top-column elementor-element elementor-element-4bfe177b\" data-id=\"4bfe177b\" data-element_type=\"column\">\n\t\t\t<div class=\"elementor-widget-wrap elementor-element-populated\">\n\t\t\t\t\t\t<div class=\"elementor-element elementor-element-1b412108 elementor-widget elementor-widget-heading\" data-id=\"1b412108\" data-element_type=\"widget\" data-widget_type=\"heading.default\">\n\t\t\t\t<div class=\"elementor-widget-container\">\n\t\t\t\t\t<p class=\"elementor-heading-title elementor-size-default\">Trouver un bungalow \u00e0 la date souhait\u00e9e<\/p>\t\t\t\t<\/div>\n\t\t\t\t<\/div>\n\t\t\t\t<div class=\"elementor-element elementor-element-10eed0ad elementor-widget elementor-widget-html\" data-id=\"10eed0ad\" data-element_type=\"widget\" data-settings=\"{&quot;_animation&quot;:&quot;none&quot;}\" data-widget_type=\"html.default\">\n\t\t\t\t<div class=\"elementor-widget-container\">\n\t\t\t\t\t<ctv-searchbar><\/ctv-searchbar>\t\t\t\t<\/div>\n\t\t\t\t<\/div>\n\t\t\t\t\t<\/div>\n\t\t<\/div>\n\t\t\t\t\t<\/div>\n\t\t<\/section>\n\t\t\t\t<section class=\"elementor-section elementor-top-section elementor-element elementor-element-59416030 elementor-section-full_width elementor-section-stretched elementor-section-height-default elementor-section-height-default\" data-id=\"59416030\" data-element_type=\"section\" id=\"hebergements\" data-settings=\"{&quot;stretch_section&quot;:&quot;section-stretched&quot;}\">\n\t\t\t\t\t\t<div class=\"elementor-container elementor-column-gap-default\">\n\t\t\t\t\t<div class=\"elementor-column elementor-col-100 elementor-top-column elementor-element elementor-element-6e7629ee\" data-id=\"6e7629ee\" data-element_type=\"column\">\n\t\t\t<div class=\"elementor-widget-wrap elementor-element-populated\">\n\t\t\t\t\t\t<div class=\"elementor-element elementor-element-bf3b75d elementor-widget elementor-widget-heading\" data-id=\"bf3b75d\" data-element_type=\"widget\" data-widget_type=\"heading.default\">\n\t\t\t\t<div class=\"elementor-widget-container\">\n\t\t\t\t\t<h1 class=\"elementor-heading-title elementor-size-default\">Location de Bungalow Lodge en Vend\u00e9e<\/h1>\t\t\t\t<\/div>\n\t\t\t\t<\/div>\n\t\t\t\t<div class=\"elementor-element elementor-element-f151f35 elementor-widget elementor-widget-text-editor\" data-id=\"f151f35\" data-element_type=\"widget\" data-widget_type=\"text-editor.default\">\n\t\t\t\t<div class=\"elementor-widget-container\">\n\t\t\t\t\t\t\t\t\t<p>V\u00e9ritable petit coin de <strong>d\u00e9tente<\/strong> et de <strong>calme<\/strong>, le <strong>camping 3*<\/strong> de <strong>La Par\u00e9e du Both<\/strong> est l&rsquo;endroit parfait pour vos vacances. Situ\u00e9 dans l&rsquo;une des plus belles stations baln\u00e9aires du littoral vend\u00e9en, \u00e0 <strong>Saint-Hilaire-de-Riez<\/strong>, le camping ravira petits et grands. Son <strong>parc aquatique<\/strong> est adapt\u00e9 aux jeunes <strong>enfants<\/strong> mais \u00e9galement aux <strong>adultes<\/strong> et aux <strong>enfants<\/strong> souhaitant se d\u00e9fouler dans les <strong>toboggans<\/strong>. Les nombreuses <strong>animations<\/strong> organis\u00e9es, sans oublier le <strong>club enfant de 6 \u00e0 12 ans<\/strong>, vous permettront de passer des vacances sous la signe de la <strong>d\u00e9tente<\/strong> et de l&rsquo;<strong>amusement<\/strong>. Disposant de nombreux h\u00e9bergements class\u00e9s selon le type de confort, vous pouvez donc trouver <strong>le mobil-home parfait<\/strong> selon vos besoins en termes de <strong>confort<\/strong>, d&rsquo;<strong>espace<\/strong> et d&rsquo;<strong>\u00e9quipements<\/strong>.\u00a0<\/p>\t\t\t\t\t\t\t\t<\/div>\n\t\t\t\t<\/div>\n\t\t\t\t\t<\/div>\n\t\t<\/div>\n\t\t\t\t\t<\/div>\n\t\t<\/section>\n\t\t\t\t<section class=\"elementor-section elementor-top-section elementor-element elementor-element-7d0e860c elementor-section-full_width elementor-section-stretched elementor-section-height-default elementor-section-height-default\" data-id=\"7d0e860c\" data-element_type=\"section\" data-settings=\"{&quot;stretch_section&quot;:&quot;section-stretched&quot;,&quot;background_background&quot;:&quot;classic&quot;}\">\n\t\t\t\t\t\t<div class=\"elementor-container elementor-column-gap-default\">\n\t\t\t\t\t<div class=\"elementor-column elementor-col-33 elementor-top-column elementor-element elementor-element-1c6abbaa\" data-id=\"1c6abbaa\" data-element_type=\"column\">\n\t\t\t<div class=\"elementor-widget-wrap elementor-element-populated\">\n\t\t\t\t\t\t<div class=\"elementor-element elementor-element-656c8647 elementor-widget elementor-widget-heading\" data-id=\"656c8647\" data-element_type=\"widget\" data-widget_type=\"heading.default\">\n\t\t\t\t<div class=\"elementor-widget-container\">\n\t\t\t\t\t<h2 class=\"elementor-heading-title elementor-size-default\">Jungle Lodge 2\/4 places avec SDB<\/h2>\t\t\t\t<\/div>\n\t\t\t\t<\/div>\n\t\t\t\t<section class=\"elementor-section elementor-inner-section elementor-element elementor-element-7fdd3f3 elementor-section-full_width elementor-section-content-middle elementor-section-height-default elementor-section-height-default\" data-id=\"7fdd3f3\" data-element_type=\"section\" data-settings=\"{&quot;background_background&quot;:&quot;classic&quot;}\">\n\t\t\t\t\t\t<div class=\"elementor-container elementor-column-gap-default\">\n\t\t\t\t\t<div class=\"elementor-column elementor-col-20 elementor-inner-column elementor-element elementor-element-30c8a055\" data-id=\"30c8a055\" data-element_type=\"column\">\n\t\t\t<div class=\"elementor-widget-wrap elementor-element-populated\">\n\t\t\t\t\t\t<div class=\"elementor-element elementor-element-630a8d44 elementor-position-top elementor-widget elementor-widget-image-box\" data-id=\"630a8d44\" data-element_type=\"widget\" data-widget_type=\"image-box.default\">\n\t\t\t\t<div class=\"elementor-widget-container\">\n\t\t\t\t\t<div class=\"elementor-image-box-wrapper\"><figure class=\"elementor-image-box-img\"><img decoding=\"async\" width=\"32\" height=\"32\" src=\"https:\/\/agence-webmarketing.eu\/camping-pdb\/wp-content\/uploads\/2020\/01\/chambres-mobil-homes.png\" class=\"attachment-full size-full wp-image-798\" alt=\"Camping La Par\u00e9e du Both Vend\u00e9e St Hilaire de Riez\" \/><\/figure><div class=\"elementor-image-box-content\"><span class=\"elementor-image-box-title\">2 ch<\/span><\/div><\/div>\t\t\t\t<\/div>\n\t\t\t\t<\/div>\n\t\t\t\t\t<\/div>\n\t\t<\/div>\n\t\t\t\t<div class=\"elementor-column elementor-col-20 elementor-inner-column elementor-element elementor-element-182299b1\" data-id=\"182299b1\" data-element_type=\"column\">\n\t\t\t<div class=\"elementor-widget-wrap elementor-element-populated\">\n\t\t\t\t\t\t<div class=\"elementor-element elementor-element-527ce616 elementor-position-top elementor-widget elementor-widget-image-box\" data-id=\"527ce616\" data-element_type=\"widget\" data-widget_type=\"image-box.default\">\n\t\t\t\t<div class=\"elementor-widget-container\">\n\t\t\t\t\t<div class=\"elementor-image-box-wrapper\"><figure class=\"elementor-image-box-img\"><img decoding=\"async\" width=\"32\" height=\"32\" src=\"https:\/\/agence-webmarketing.eu\/camping-pdb\/wp-content\/uploads\/2020\/01\/salon-mobil-home.png\" class=\"attachment-full size-full wp-image-799\" alt=\"Camping La Par\u00e9e du Both Vend\u00e9e St Hilaire de Riez\" \/><\/figure><div class=\"elementor-image-box-content\"><span class=\"elementor-image-box-title\">2\/4 pl<\/span><\/div><\/div>\t\t\t\t<\/div>\n\t\t\t\t<\/div>\n\t\t\t\t\t<\/div>\n\t\t<\/div>\n\t\t\t\t<div class=\"elementor-column elementor-col-20 elementor-inner-column elementor-element elementor-element-20711bc0\" data-id=\"20711bc0\" data-element_type=\"column\">\n\t\t\t<div class=\"elementor-widget-wrap elementor-element-populated\">\n\t\t\t\t\t\t<div class=\"elementor-element elementor-element-7ecdb5a2 elementor-position-top elementor-widget elementor-widget-image-box\" data-id=\"7ecdb5a2\" data-element_type=\"widget\" data-widget_type=\"image-box.default\">\n\t\t\t\t<div class=\"elementor-widget-container\">\n\t\t\t\t\t<div class=\"elementor-image-box-wrapper\"><figure class=\"elementor-image-box-img\"><img decoding=\"async\" width=\"32\" height=\"32\" src=\"https:\/\/agence-webmarketing.eu\/camping-pdb\/wp-content\/uploads\/2020\/01\/m\u00b2-mobil-home.png\" class=\"attachment-full size-full wp-image-797\" alt=\"Camping La Par\u00e9e du Both Vend\u00e9e St Hilaire de Riez\" \/><\/figure><div class=\"elementor-image-box-content\"><span class=\"elementor-image-box-title\">26 m\u00b2<\/span><\/div><\/div>\t\t\t\t<\/div>\n\t\t\t\t<\/div>\n\t\t\t\t\t<\/div>\n\t\t<\/div>\n\t\t\t\t<div class=\"elementor-column elementor-col-20 elementor-inner-column elementor-element elementor-element-558f2047\" data-id=\"558f2047\" data-element_type=\"column\">\n\t\t\t<div class=\"elementor-widget-wrap elementor-element-populated\">\n\t\t\t\t\t\t<div class=\"elementor-element elementor-element-7f6e0e2d elementor-position-top elementor-widget elementor-widget-image-box\" data-id=\"7f6e0e2d\" data-element_type=\"widget\" data-widget_type=\"image-box.default\">\n\t\t\t\t<div class=\"elementor-widget-container\">\n\t\t\t\t\t<div class=\"elementor-image-box-wrapper\"><figure class=\"elementor-image-box-img\"><img loading=\"lazy\" decoding=\"async\" width=\"32\" height=\"32\" src=\"https:\/\/agence-webmarketing.eu\/camping-pdb\/wp-content\/uploads\/2020\/01\/chien-interdit-camping-la-paree-du-both.jpg.png\" class=\"attachment-full size-full wp-image-942\" alt=\"chien interdit camping la paree du both.\" \/><\/figure><div class=\"elementor-image-box-content\"><span class=\"elementor-image-box-title\">pas <\/br>d'animaux<\/span><\/div><\/div>\t\t\t\t<\/div>\n\t\t\t\t<\/div>\n\t\t\t\t\t<\/div>\n\t\t<\/div>\n\t\t\t\t<div class=\"elementor-column elementor-col-20 elementor-inner-column elementor-element elementor-element-68aa54ad\" data-id=\"68aa54ad\" data-element_type=\"column\">\n\t\t\t<div class=\"elementor-widget-wrap elementor-element-populated\">\n\t\t\t\t\t\t<div class=\"elementor-element elementor-element-67aabf77 elementor-position-top elementor-widget elementor-widget-image-box\" data-id=\"67aabf77\" data-element_type=\"widget\" data-widget_type=\"image-box.default\">\n\t\t\t\t<div class=\"elementor-widget-container\">\n\t\t\t\t\t<div class=\"elementor-image-box-wrapper\"><figure class=\"elementor-image-box-img\"><img loading=\"lazy\" decoding=\"async\" width=\"32\" height=\"32\" src=\"https:\/\/agence-webmarketing.eu\/camping-pdb\/wp-content\/uploads\/2022\/04\/terrasse-jardin.png\" class=\"attachment-full size-full wp-image-5391\" alt=\"Camping Vend\u00e9e La Par\u00e9e du Both\" \/><\/figure><div class=\"elementor-image-box-content\"><span class=\"elementor-image-box-title\">Terrasse<\/span><\/div><\/div>\t\t\t\t<\/div>\n\t\t\t\t<\/div>\n\t\t\t\t\t<\/div>\n\t\t<\/div>\n\t\t\t\t\t<\/div>\n\t\t<\/section>\n\t\t\t\t\t<\/div>\n\t\t<\/div>\n\t\t\t\t<div class=\"elementor-column elementor-col-33 elementor-top-column elementor-element elementor-element-173440bf\" data-id=\"173440bf\" data-element_type=\"column\">\n\t\t\t<div class=\"elementor-widget-wrap elementor-element-populated\">\n\t\t\t\t\t\t<div class=\"elementor-element elementor-element-572788f4 elementor-widget elementor-widget-heading\" data-id=\"572788f4\" data-element_type=\"widget\" data-widget_type=\"heading.default\">\n\t\t\t\t<div class=\"elementor-widget-container\">\n\t\t\t\t\t<h2 class=\"elementor-heading-title elementor-size-default\">Sahari Lodge 2\/5 places sans SDB<\/h2>\t\t\t\t<\/div>\n\t\t\t\t<\/div>\n\t\t\t\t<section class=\"elementor-section elementor-inner-section elementor-element elementor-element-45cf1e5b elementor-section-full_width elementor-section-content-middle elementor-section-height-default elementor-section-height-default\" data-id=\"45cf1e5b\" data-element_type=\"section\" data-settings=\"{&quot;background_background&quot;:&quot;classic&quot;}\">\n\t\t\t\t\t\t<div class=\"elementor-container elementor-column-gap-default\">\n\t\t\t\t\t<div class=\"elementor-column elementor-col-20 elementor-inner-column elementor-element elementor-element-273671ce\" data-id=\"273671ce\" data-element_type=\"column\">\n\t\t\t<div class=\"elementor-widget-wrap elementor-element-populated\">\n\t\t\t\t\t\t<div class=\"elementor-element elementor-element-6af56a56 elementor-position-top elementor-widget elementor-widget-image-box\" data-id=\"6af56a56\" data-element_type=\"widget\" data-widget_type=\"image-box.default\">\n\t\t\t\t<div class=\"elementor-widget-container\">\n\t\t\t\t\t<div class=\"elementor-image-box-wrapper\"><figure class=\"elementor-image-box-img\"><img decoding=\"async\" width=\"32\" height=\"32\" src=\"https:\/\/agence-webmarketing.eu\/camping-pdb\/wp-content\/uploads\/2020\/01\/chambres-mobil-homes.png\" class=\"attachment-full size-full wp-image-798\" alt=\"Camping La Par\u00e9e du Both Vend\u00e9e St Hilaire de Riez\" \/><\/figure><div class=\"elementor-image-box-content\"><span class=\"elementor-image-box-title\">2 ch<\/span><\/div><\/div>\t\t\t\t<\/div>\n\t\t\t\t<\/div>\n\t\t\t\t\t<\/div>\n\t\t<\/div>\n\t\t\t\t<div class=\"elementor-column elementor-col-20 elementor-inner-column elementor-element elementor-element-3b0ddedd\" data-id=\"3b0ddedd\" data-element_type=\"column\">\n\t\t\t<div class=\"elementor-widget-wrap elementor-element-populated\">\n\t\t\t\t\t\t<div class=\"elementor-element elementor-element-19adeef9 elementor-position-top elementor-widget elementor-widget-image-box\" data-id=\"19adeef9\" data-element_type=\"widget\" data-widget_type=\"image-box.default\">\n\t\t\t\t<div class=\"elementor-widget-container\">\n\t\t\t\t\t<div class=\"elementor-image-box-wrapper\"><figure class=\"elementor-image-box-img\"><img decoding=\"async\" width=\"32\" height=\"32\" src=\"https:\/\/agence-webmarketing.eu\/camping-pdb\/wp-content\/uploads\/2020\/01\/salon-mobil-home.png\" class=\"attachment-full size-full wp-image-799\" alt=\"Camping La Par\u00e9e du Both Vend\u00e9e St Hilaire de Riez\" \/><\/figure><div class=\"elementor-image-box-content\"><span class=\"elementor-image-box-title\">2\/5 pl<\/span><\/div><\/div>\t\t\t\t<\/div>\n\t\t\t\t<\/div>\n\t\t\t\t\t<\/div>\n\t\t<\/div>\n\t\t\t\t<div class=\"elementor-column elementor-col-20 elementor-inner-column elementor-element elementor-element-673fec70\" data-id=\"673fec70\" data-element_type=\"column\">\n\t\t\t<div class=\"elementor-widget-wrap elementor-element-populated\">\n\t\t\t\t\t\t<div class=\"elementor-element elementor-element-7f07a57f elementor-position-top elementor-widget elementor-widget-image-box\" data-id=\"7f07a57f\" data-element_type=\"widget\" data-widget_type=\"image-box.default\">\n\t\t\t\t<div class=\"elementor-widget-container\">\n\t\t\t\t\t<div class=\"elementor-image-box-wrapper\"><figure class=\"elementor-image-box-img\"><img decoding=\"async\" width=\"32\" height=\"32\" src=\"https:\/\/agence-webmarketing.eu\/camping-pdb\/wp-content\/uploads\/2020\/01\/m\u00b2-mobil-home.png\" class=\"attachment-full size-full wp-image-797\" alt=\"Camping La Par\u00e9e du Both Vend\u00e9e St Hilaire de Riez\" \/><\/figure><div class=\"elementor-image-box-content\"><span class=\"elementor-image-box-title\">19 m\u00b2<\/span><\/div><\/div>\t\t\t\t<\/div>\n\t\t\t\t<\/div>\n\t\t\t\t\t<\/div>\n\t\t<\/div>\n\t\t\t\t<div class=\"elementor-column elementor-col-20 elementor-inner-column elementor-element elementor-element-141feab4\" data-id=\"141feab4\" data-element_type=\"column\">\n\t\t\t<div class=\"elementor-widget-wrap elementor-element-populated\">\n\t\t\t\t\t\t<div class=\"elementor-element elementor-element-5a76b020 elementor-position-top elementor-widget elementor-widget-image-box\" data-id=\"5a76b020\" data-element_type=\"widget\" data-widget_type=\"image-box.default\">\n\t\t\t\t<div class=\"elementor-widget-container\">\n\t\t\t\t\t<div class=\"elementor-image-box-wrapper\"><figure class=\"elementor-image-box-img\"><img loading=\"lazy\" decoding=\"async\" width=\"32\" height=\"32\" src=\"https:\/\/agence-webmarketing.eu\/camping-pdb\/wp-content\/uploads\/2022\/04\/chien.png\" class=\"attachment-full size-full wp-image-5392\" alt=\"Camping Vend\u00e9e\" \/><\/figure><div class=\"elementor-image-box-content\"><span class=\"elementor-image-box-title\">Animaux <\/br>accept\u00e9s<\/span><\/div><\/div>\t\t\t\t<\/div>\n\t\t\t\t<\/div>\n\t\t\t\t\t<\/div>\n\t\t<\/div>\n\t\t\t\t<div class=\"elementor-column elementor-col-20 elementor-inner-column elementor-element elementor-element-3cf38796\" data-id=\"3cf38796\" data-element_type=\"column\">\n\t\t\t<div class=\"elementor-widget-wrap elementor-element-populated\">\n\t\t\t\t\t\t<div class=\"elementor-element elementor-element-1f327f8f elementor-position-top elementor-widget elementor-widget-image-box\" data-id=\"1f327f8f\" data-element_type=\"widget\" data-widget_type=\"image-box.default\">\n\t\t\t\t<div class=\"elementor-widget-container\">\n\t\t\t\t\t<div class=\"elementor-image-box-wrapper\"><figure class=\"elementor-image-box-img\"><img loading=\"lazy\" decoding=\"async\" width=\"32\" height=\"32\" src=\"https:\/\/agence-webmarketing.eu\/camping-pdb\/wp-content\/uploads\/2022\/04\/terrasse-jardin.png\" class=\"attachment-full size-full wp-image-5391\" alt=\"Camping Vend\u00e9e La Par\u00e9e du Both\" \/><\/figure><div class=\"elementor-image-box-content\"><span class=\"elementor-image-box-title\">Terrasse<\/span><\/div><\/div>\t\t\t\t<\/div>\n\t\t\t\t<\/div>\n\t\t\t\t\t<\/div>\n\t\t<\/div>\n\t\t\t\t\t<\/div>\n\t\t<\/section>\n\t\t\t\t\t<\/div>\n\t\t<\/div>\n\t\t\t\t<div class=\"elementor-column elementor-col-33 elementor-top-column elementor-element elementor-element-5b55c17\" data-id=\"5b55c17\" data-element_type=\"column\">\n\t\t\t<div class=\"elementor-widget-wrap elementor-element-populated\">\n\t\t\t\t\t\t<div class=\"elementor-element elementor-element-1141d540 elementor-widget elementor-widget-heading\" data-id=\"1141d540\" data-element_type=\"widget\" data-widget_type=\"heading.default\">\n\t\t\t\t<div class=\"elementor-widget-container\">\n\t\t\t\t\t<h2 class=\"elementor-heading-title elementor-size-default\">Besoin d'un logement plus grand ? <\/h2>\t\t\t\t<\/div>\n\t\t\t\t<\/div>\n\t\t\t\t<div class=\"elementor-element elementor-element-926158b elementor-widget elementor-widget-text-editor\" data-id=\"926158b\" data-element_type=\"widget\" data-widget_type=\"text-editor.default\">\n\t\t\t\t<div class=\"elementor-widget-container\">\n\t\t\t\t\t\t\t\t\t<p>Vous pr\u00e9voyez des vacances en <strong>familles nombreuses<\/strong> ou en <strong>grands groupes<\/strong> ? Consultez nos autres h\u00e9bergements, tels que le <strong>mobil-home Tribu<\/strong> de 58 m\u00b2 pouvant accueillir jusqu&rsquo;\u00e0 <strong>11 personnes<\/strong>.\u00a0<\/p>\t\t\t\t\t\t\t\t<\/div>\n\t\t\t\t<\/div>\n\t\t\t\t<div class=\"elementor-element elementor-element-1a1dc00d elementor-align-center elementor-widget elementor-widget-button\" data-id=\"1a1dc00d\" data-element_type=\"widget\" data-widget_type=\"button.default\">\n\t\t\t\t<div class=\"elementor-widget-container\">\n\t\t\t\t\t\t\t\t\t<div class=\"elementor-button-wrapper\">\n\t\t\t\t\t<a class=\"elementor-button elementor-button-link elementor-size-sm elementor-animation-float\" href=\"https:\/\/agence-webmarketing.eu\/camping-pdb\/hebergements\/\">\n\t\t\t\t\t\t<span class=\"elementor-button-content-wrapper\">\n\t\t\t\t\t\t<span class=\"elementor-button-icon\">\n\t\t\t\t<i aria-hidden=\"true\" class=\"far fa-hand-point-right\"><\/i>\t\t\t<\/span>\n\t\t\t\t\t\t\t\t\t<span class=\"elementor-button-text\">D\u00e9couvrir nos autres logements !<\/span>\n\t\t\t\t\t<\/span>\n\t\t\t\t\t<\/a>\n\t\t\t\t<\/div>\n\t\t\t\t\t\t\t\t<\/div>\n\t\t\t\t<\/div>\n\t\t\t\t\t<\/div>\n\t\t<\/div>\n\t\t\t\t\t<\/div>\n\t\t<\/section>\n\t\t\t\t<\/div>\n\t\t","protected":false},"excerpt":{"rendered":"<p>R\u00e9servez votreBungalow Lodge! D\u00e9couvrir nos h\u00e9bergements Trouver un bungalow \u00e0 la date souhait\u00e9e Location de Bungalow Lodge en Vend\u00e9e V\u00e9ritable petit coin de d\u00e9tente et de calme, le camping 3* de La Par\u00e9e du Both est l&rsquo;endroit parfait pour vos vacances. Situ\u00e9 dans l&rsquo;une des plus belles stations baln\u00e9aires du littoral vend\u00e9en, \u00e0 Saint-Hilaire-de-Riez, le &#8230; <a title=\"Lodges\" class=\"read-more\" href=\"https:\/\/agence-webmarketing.eu\/camping-pdb\/hebergements\/lodges\/\" aria-label=\"En savoir plus sur Lodges\">Lire la suite<\/a><\/p>\n","protected":false},"author":1,"featured_media":0,"parent":22,"menu_order":0,"comment_status":"closed","ping_status":"closed","template":"elementor_header_footer","meta":{"footnotes":""},"aioseo_notices":[],"_links":{"self":[{"href":"https:\/\/agence-webmarketing.eu\/camping-pdb\/wp-json\/wp\/v2\/pages\/4822"}],"collection":[{"href":"https:\/\/agence-webmarketing.eu\/camping-pdb\/wp-json\/wp\/v2\/pages"}],"about":[{"href":"https:\/\/agence-webmarketing.eu\/camping-pdb\/wp-json\/wp\/v2\/types\/page"}],"author":[{"embeddable":true,"href":"https:\/\/agence-webmarketing.eu\/camping-pdb\/wp-json\/wp\/v2\/users\/1"}],"replies":[{"embeddable":true,"href":"https:\/\/agence-webmarketing.eu\/camping-pdb\/wp-json\/wp\/v2\/comments?post=4822"}],"version-history":[{"count":0,"href":"https:\/\/agence-webmarketing.eu\/camping-pdb\/wp-json\/wp\/v2\/pages\/4822\/revisions"}],"up":[{"embeddable":true,"href":"https:\/\/agence-webmarketing.eu\/camping-pdb\/wp-json\/wp\/v2\/pages\/22"}],"wp:attachment":[{"href":"https:\/\/agence-webmarketing.eu\/camping-pdb\/wp-json\/wp\/v2\/media?parent=4822"}],"curies":[{"name":"wp","href":"https:\/\/api.w.org\/{rel}","templated":true}]}}