{"id":62,"date":"2019-10-25T16:28:20","date_gmt":"2019-10-25T14:28:20","guid":{"rendered":"https:\/\/agence-webmarketing.eu\/camping-pdb\/?page_id=62"},"modified":"2023-12-11T16:36:17","modified_gmt":"2023-12-11T15:36:17","slug":"infos-pratiques","status":"publish","type":"page","link":"https:\/\/agence-webmarketing.eu\/camping-pdb\/infos-pratiques\/","title":{"rendered":"Infos pratiques"},"content":{"rendered":"\t\t<div data-elementor-type=\"wp-page\" data-elementor-id=\"62\" class=\"elementor elementor-62\">\n\t\t\t\t\t\t<section class=\"elementor-section elementor-top-section elementor-element elementor-element-4cdc99a9 elementor-section-stretched elementor-section-full_width elementor-section-height-default elementor-section-height-default\" data-id=\"4cdc99a9\" data-element_type=\"section\" data-settings=\"{&quot;stretch_section&quot;:&quot;section-stretched&quot;,&quot;background_background&quot;:&quot;classic&quot;}\">\n\t\t\t\t\t\t\t<div class=\"elementor-background-overlay\"><\/div>\n\t\t\t\t\t\t\t<div class=\"elementor-container elementor-column-gap-default\">\n\t\t\t\t\t<div class=\"elementor-column elementor-col-33 elementor-top-column elementor-element elementor-element-43689c15 elementor-invisible\" data-id=\"43689c15\" data-element_type=\"column\" data-settings=\"{&quot;background_background&quot;:&quot;classic&quot;,&quot;animation&quot;:&quot;fadeInLeft&quot;,&quot;animation_delay&quot;:5}\">\n\t\t\t<div class=\"elementor-widget-wrap elementor-element-populated\">\n\t\t\t\t\t\t<div class=\"elementor-element elementor-element-2a9ae7e3 elementor-widget elementor-widget-heading\" data-id=\"2a9ae7e3\" data-element_type=\"widget\" data-widget_type=\"heading.default\">\n\t\t\t\t<div class=\"elementor-widget-container\">\n\t\t\t\t\t<h1 class=\"elementor-heading-title elementor-size-default\">Infos pratiques<\/h1>\t\t\t\t<\/div>\n\t\t\t\t<\/div>\n\t\t\t\t\t<\/div>\n\t\t<\/div>\n\t\t\t\t<div class=\"elementor-column elementor-col-33 elementor-top-column elementor-element elementor-element-1078a8e4\" data-id=\"1078a8e4\" data-element_type=\"column\">\n\t\t\t<div class=\"elementor-widget-wrap elementor-element-populated\">\n\t\t\t\t\t\t<div class=\"elementor-element elementor-element-372d6f34 elementor-view-default elementor-position-top elementor-mobile-position-top elementor-widget elementor-widget-icon-box\" data-id=\"372d6f34\" data-element_type=\"widget\" data-widget_type=\"icon-box.default\">\n\t\t\t\t<div class=\"elementor-widget-container\">\n\t\t\t\t\t\t\t<div class=\"elementor-icon-box-wrapper\">\n\n\t\t\t\t\t\t<div class=\"elementor-icon-box-icon\">\n\t\t\t\t<a href=\"#reservation\" class=\"elementor-icon\" tabindex=\"-1\" aria-label=\"RESERVATION\">\n\t\t\t\t<i aria-hidden=\"true\" class=\"far fa-calendar-check\"><\/i>\t\t\t\t<\/a>\n\t\t\t<\/div>\n\t\t\t\n\t\t\t\t\t\t<div class=\"elementor-icon-box-content\">\n\n\t\t\t\t\t\t\t\t\t<span class=\"elementor-icon-box-title\">\n\t\t\t\t\t\t<a href=\"#reservation\" >\n\t\t\t\t\t\t\tRESERVATION\t\t\t\t\t\t<\/a>\n\t\t\t\t\t<\/span>\n\t\t\t\t\n\t\t\t\t\n\t\t\t<\/div>\n\t\t\t\n\t\t<\/div>\n\t\t\t\t\t\t<\/div>\n\t\t\t\t<\/div>\n\t\t\t\t\t<\/div>\n\t\t<\/div>\n\t\t\t\t<div class=\"elementor-column elementor-col-33 elementor-top-column elementor-element elementor-element-538789bd\" data-id=\"538789bd\" data-element_type=\"column\">\n\t\t\t<div class=\"elementor-widget-wrap elementor-element-populated\">\n\t\t\t\t\t\t<div class=\"elementor-element elementor-element-1dc84c86 elementor-view-default elementor-position-top elementor-mobile-position-top elementor-widget elementor-widget-icon-box\" data-id=\"1dc84c86\" data-element_type=\"widget\" data-widget_type=\"icon-box.default\">\n\t\t\t\t<div class=\"elementor-widget-container\">\n\t\t\t\t\t\t\t<div class=\"elementor-icon-box-wrapper\">\n\n\t\t\t\t\t\t<div class=\"elementor-icon-box-icon\">\n\t\t\t\t<a href=\"#infos\" class=\"elementor-icon\" tabindex=\"-1\" aria-label=\"INFOS\">\n\t\t\t\t<i aria-hidden=\"true\" class=\"fas fa-info\"><\/i>\t\t\t\t<\/a>\n\t\t\t<\/div>\n\t\t\t\n\t\t\t\t\t\t<div class=\"elementor-icon-box-content\">\n\n\t\t\t\t\t\t\t\t\t<span class=\"elementor-icon-box-title\">\n\t\t\t\t\t\t<a href=\"#infos\" >\n\t\t\t\t\t\t\tINFOS\t\t\t\t\t\t<\/a>\n\t\t\t\t\t<\/span>\n\t\t\t\t\n\t\t\t\t\n\t\t\t<\/div>\n\t\t\t\n\t\t<\/div>\n\t\t\t\t\t\t<\/div>\n\t\t\t\t<\/div>\n\t\t\t\t\t<\/div>\n\t\t<\/div>\n\t\t\t\t\t<\/div>\n\t\t<\/section>\n\t\t\t\t<section class=\"elementor-section elementor-top-section elementor-element elementor-element-4511b96d elementor-section-stretched elementor-section-full_width elementor-section-height-default elementor-section-height-default\" data-id=\"4511b96d\" data-element_type=\"section\" id=\"reservation\" data-settings=\"{&quot;stretch_section&quot;:&quot;section-stretched&quot;,&quot;background_background&quot;:&quot;classic&quot;}\">\n\t\t\t\t\t\t\t<div class=\"elementor-background-overlay\"><\/div>\n\t\t\t\t\t\t\t<div class=\"elementor-container elementor-column-gap-default\">\n\t\t\t\t\t<div class=\"elementor-column elementor-col-100 elementor-top-column elementor-element elementor-element-67f8b210\" data-id=\"67f8b210\" data-element_type=\"column\">\n\t\t\t<div class=\"elementor-widget-wrap elementor-element-populated\">\n\t\t\t\t\t\t<div class=\"elementor-element elementor-element-ed77534 elementor-widget elementor-widget-heading\" data-id=\"ed77534\" data-element_type=\"widget\" data-widget_type=\"heading.default\">\n\t\t\t\t<div class=\"elementor-widget-container\">\n\t\t\t\t\t<h2 class=\"elementor-heading-title elementor-size-default\">Vous souhaitez r\u00e9server un s\u00e9jour dans notre camping ?<\/h2>\t\t\t\t<\/div>\n\t\t\t\t<\/div>\n\t\t\t\t<div class=\"elementor-element elementor-element-20f958bd elementor-widget-divider--view-line elementor-widget elementor-widget-divider\" data-id=\"20f958bd\" data-element_type=\"widget\" data-widget_type=\"divider.default\">\n\t\t\t\t<div class=\"elementor-widget-container\">\n\t\t\t\t\t\t\t<div class=\"elementor-divider\">\n\t\t\t<span class=\"elementor-divider-separator\">\n\t\t\t\t\t\t<\/span>\n\t\t<\/div>\n\t\t\t\t\t\t<\/div>\n\t\t\t\t<\/div>\n\t\t\t\t<div class=\"elementor-element elementor-element-23ce3e3d elementor-widget elementor-widget-text-editor\" data-id=\"23ce3e3d\" data-element_type=\"widget\" data-widget_type=\"text-editor.default\">\n\t\t\t\t<div class=\"elementor-widget-container\">\n\t\t\t\t\t\t\t\t\t<p>C\u2019est \u00e0 Saint Hilaire de Riez, dans le d\u00e9partement de la Vend\u00e9e, que le <strong>camping 3 \u00e9toiles La Par\u00e9e du Both <\/strong>vous accueille. Situ\u00e9 tout pr\u00e8s de l\u2019oc\u00e9an et en bordure de la for\u00eat de Sion, le camping promet de belles vacances \u00e0 tous les amoureux de la nature en qu\u00eate de grands espaces. A la location, retrouvez non seulement des <strong>emplacements caravanes, toiles de tente et camping-car<\/strong> qui sont mis \u00e0 votre disposition, mais \u00e9galement des <strong>locations de mobil homes, de chalets et de meubl\u00e9s<\/strong> !\u00a0<\/p><p><span style=\"text-align: center;\">Tent\u00e9 par l\u2019exp\u00e9rience qu\u2019offre ce camping, vous souhaitez obtenir des informations pour pr\u00e9parer au mieux le s\u00e9jour ?\u00a0<\/span><\/p>\t\t\t\t\t\t\t\t<\/div>\n\t\t\t\t<\/div>\n\t\t\t\t<div class=\"elementor-element elementor-element-484d6ea elementor-widget elementor-widget-text-editor\" data-id=\"484d6ea\" data-element_type=\"widget\" data-widget_type=\"text-editor.default\">\n\t\t\t\t<div class=\"elementor-widget-container\">\n\t\t\t\t\t\t\t\t\t<div class=\"one_half last\"><h3><span style=\"color: #000000;\"><b>Jours d&rsquo;arriv\u00e9e et de d\u00e9part<\/b><\/span><\/h3><ul><li><span style=\"color: #000000;\"><u>En basse saison<\/u>\u00a0:<\/span><\/li><\/ul><p><span style=\"color: #000000;\">Vous pouvez choisir votre jour d\u2019arriv\u00e9e librement pour un s\u00e9jour en basse saison. Nous n\u2019avons pas de dur\u00e9e minimum de s\u00e9jour en location. Les frais de r\u00e9servation sont gratuits pour les locatifs et pour les emplacements camping sauf dossiers VACAF (25 euros).<\/span><\/p><ul><li><span style=\"color: #000000;\">\u00a0<u>En haute saison<\/u>\u00a0:<\/span><\/li><\/ul><p><span style=\"color: #000000;\">Les locations d\u2019h\u00e9bergements se font par semaine enti\u00e8re, les jours d&rsquo;arriv\u00e9e sont le : mercredi \/ samedi \/ dimanche \u00e0 partir de 16h et d\u00e9part avant 10h30 sur RDV selon les disponibilit\u00e9s du planning. Les emplacements peuvent se louer \u00e0 la nuit\u00e9e \u00e0 partir de 14h30 le jour de votre arriv\u00e9e et lib\u00e9r\u00e9 avant 12h le jour de votre d\u00e9part. Les frais de r\u00e9servation sont gratuits pour les locatifs et pour les emplacements sauf dossiers VACAF (25 euros).<\/span><\/p><h3><span style=\"color: #000000;\"><b>Paiement de votre s\u00e9jour<\/b><\/span><\/h3><\/div><ul><li><span style=\"color: #000000;\"><a href=\"https:\/\/agence-webmarketing.eu\/camping-pdb\/emplacements-camping\/\"><u>R\u00e9servation d\u2019un emplacement camping<\/u>\u00a0:<\/a> 80 \u20ac + frais de r\u00e9servation pour tout s\u00e9jour, le solde 30 jours avant votre arriv\u00e9e.\u00a0<\/span><\/li><\/ul><ul><li><span style=\"color: #000000;\"><a href=\"https:\/\/agence-webmarketing.eu\/camping-pdb\/hebergements\/\"><u>R\u00e9servation d\u2019une location<\/u>\u00a0:<\/a> 30 % du s\u00e9jour + frais de r\u00e9servation. Le paiement du solde doit \u00eatre encaiss\u00e9 au plus tard 30 jours avant votre arriv\u00e9e, le cas \u00e9ch\u00e9ant la direction se r\u00e9serve le droit d\u2019annuler votre s\u00e9jour. Si vous r\u00e9servez moins de 30 jours avant votre arriv\u00e9e, vous r\u00e9glez la totalit\u00e9 du s\u00e9jour \u00e0 la r\u00e9servation.<\/span><\/li><\/ul><ul><li><span style=\"color: #000000;\"><u>Moyens de paiement<\/u>\u00a0: Ch\u00e8que bancaire (les paiements par ch\u00e8que ne seront pas accept\u00e9 sur place et \u00e0 moins de 30 jours de votre arriv\u00e9e), ch\u00e8ques vacances ANCV (en entier avec talon du haut), virement bancaire et carte bancaire.<\/span><\/li><\/ul><h3><span style=\"color: #000000;\"><b>Assurance annulation<\/b><\/span><\/h3><p><span style=\"color: #000000;\"><a href=\"https:\/\/agence-webmarketing.eu\/camping-pdb\/wp-content\/uploads\/2020\/01\/Camping-La-Paree-du-Both-assurance-annulation-interruption-de-sejour-2019.pdf\">Une assurance annulation facultative mais conseill\u00e9e peut \u00eatre souscrite<\/a> (4,5 % du montant du s\u00e9jour pay\u00e9 int\u00e9gralement \u00e0 la r\u00e9servation et non remboursable). Cette option ne peut pas \u00eatre souscrite apr\u00e8s paiement de l\u2019acompte.<\/span><\/p><p><span style=\"color: #000000;\">Pour conna\u00eetre nos disponibilit\u00e9s n\u2019h\u00e9sitez pas \u00e0 nous contacter au <a href=\"tel:0251547827\">02 51 54 78 27<\/a> !<\/span><\/p>\t\t\t\t\t\t\t\t<\/div>\n\t\t\t\t<\/div>\n\t\t\t\t<div class=\"elementor-element elementor-element-4b193eec elementor-align-center elementor-widget elementor-widget-button\" data-id=\"4b193eec\" data-element_type=\"widget\" data-widget_type=\"button.default\">\n\t\t\t\t<div class=\"elementor-widget-container\">\n\t\t\t\t\t\t\t\t\t<div class=\"elementor-button-wrapper\">\n\t\t\t\t\t<a class=\"elementor-button elementor-button-link elementor-size-sm elementor-animation-float\" href=\"https:\/\/bookingpremium.secureholiday.net\/fr\/13676\/\" target=\"_blank\" rel=\"nofollow\">\n\t\t\t\t\t\t<span class=\"elementor-button-content-wrapper\">\n\t\t\t\t\t\t<span class=\"elementor-button-icon\">\n\t\t\t\t<i aria-hidden=\"true\" class=\"fas fa-book\"><\/i>\t\t\t<\/span>\n\t\t\t\t\t\t\t\t\t<span class=\"elementor-button-text\">R\u00e9server d\u00e8s maintenant<\/span>\n\t\t\t\t\t<\/span>\n\t\t\t\t\t<\/a>\n\t\t\t\t<\/div>\n\t\t\t\t\t\t\t\t<\/div>\n\t\t\t\t<\/div>\n\t\t\t\t\t<\/div>\n\t\t<\/div>\n\t\t\t\t\t<\/div>\n\t\t<\/section>\n\t\t\t\t<section class=\"elementor-section elementor-top-section elementor-element elementor-element-c80fac0 elementor-section-stretched elementor-section-boxed elementor-section-height-default elementor-section-height-default elementor-invisible\" data-id=\"c80fac0\" data-element_type=\"section\" data-settings=\"{&quot;stretch_section&quot;:&quot;section-stretched&quot;,&quot;background_background&quot;:&quot;classic&quot;,&quot;animation&quot;:&quot;fadeInUp&quot;}\">\n\t\t\t\t\t\t<div class=\"elementor-container elementor-column-gap-default\">\n\t\t\t\t\t<div class=\"elementor-column elementor-col-100 elementor-top-column elementor-element elementor-element-358b3ff0\" data-id=\"358b3ff0\" data-element_type=\"column\">\n\t\t\t<div class=\"elementor-widget-wrap elementor-element-populated\">\n\t\t\t\t\t\t<div class=\"elementor-element elementor-element-78f6bac5 elementor-widget elementor-widget-heading\" data-id=\"78f6bac5\" data-element_type=\"widget\" data-widget_type=\"heading.default\">\n\t\t\t\t<div class=\"elementor-widget-container\">\n\t\t\t\t\t<h2 class=\"elementor-heading-title elementor-size-default\">R\u00e9server mon s\u00e9jour au camping La Par\u00e9e du Both<\/h2>\t\t\t\t<\/div>\n\t\t\t\t<\/div>\n\t\t\t\t<div class=\"elementor-element elementor-element-6bf279ea elementor-widget elementor-widget-html\" data-id=\"6bf279ea\" data-element_type=\"widget\" data-settings=\"{&quot;_animation&quot;:&quot;none&quot;}\" data-widget_type=\"html.default\">\n\t\t\t\t<div class=\"elementor-widget-container\">\n\t\t\t\t\t<ctv-searchbar><\/ctv-searchbar>\t\t\t\t<\/div>\n\t\t\t\t<\/div>\n\t\t\t\t\t<\/div>\n\t\t<\/div>\n\t\t\t\t\t<\/div>\n\t\t<\/section>\n\t\t\t\t<section class=\"elementor-section elementor-top-section elementor-element elementor-element-1d048bd5 elementor-section-full_width elementor-section-stretched elementor-section-height-default elementor-section-height-default\" data-id=\"1d048bd5\" data-element_type=\"section\" id=\"infos\" data-settings=\"{&quot;stretch_section&quot;:&quot;section-stretched&quot;,&quot;background_background&quot;:&quot;classic&quot;}\">\n\t\t\t\t\t\t<div class=\"elementor-container elementor-column-gap-default\">\n\t\t\t\t\t<div class=\"elementor-column elementor-col-100 elementor-top-column elementor-element elementor-element-507b40e\" data-id=\"507b40e\" data-element_type=\"column\">\n\t\t\t<div class=\"elementor-widget-wrap elementor-element-populated\">\n\t\t\t\t\t\t<div class=\"elementor-element elementor-element-3c0fdd6 elementor-widget elementor-widget-heading\" data-id=\"3c0fdd6\" data-element_type=\"widget\" data-widget_type=\"heading.default\">\n\t\t\t\t<div class=\"elementor-widget-container\">\n\t\t\t\t\t<h2 class=\"elementor-heading-title elementor-size-default\">Comment bien pr\u00e9parer mon arriv\u00e9e sur le camping ?<\/h2>\t\t\t\t<\/div>\n\t\t\t\t<\/div>\n\t\t\t\t<div class=\"elementor-element elementor-element-142105fd elementor-widget-divider--view-line elementor-widget elementor-widget-divider\" data-id=\"142105fd\" data-element_type=\"widget\" data-widget_type=\"divider.default\">\n\t\t\t\t<div class=\"elementor-widget-container\">\n\t\t\t\t\t\t\t<div class=\"elementor-divider\">\n\t\t\t<span class=\"elementor-divider-separator\">\n\t\t\t\t\t\t<\/span>\n\t\t<\/div>\n\t\t\t\t\t\t<\/div>\n\t\t\t\t<\/div>\n\t\t\t\t<div class=\"elementor-element elementor-element-ad4cf21 elementor-widget elementor-widget-text-editor\" data-id=\"ad4cf21\" data-element_type=\"widget\" data-widget_type=\"text-editor.default\">\n\t\t\t\t<div class=\"elementor-widget-container\">\n\t\t\t\t\t\t\t\t\t<h3><span style=\"color: #000000;\"><strong><span title=\"Deposit \/ security deposit \">Barri\u00e8res d&rsquo;acc\u00e8s\u00a0<\/span><\/strong><\/span><\/h3><p><span id=\"result_box\" lang=\"en\" style=\"color: #000000;\"><span id=\"result_box\" lang=\"fr\"><span title=\"The gates are open from 7am to 22:30, you can access the campground during the day thanks to the magnetic card that will be provided to you when you check in at reception.\">Les barri\u00e8res sont ouvertes de 7h \u00e0 23h, vous pouvez acc\u00e9der au terrain de camping en journ\u00e9e gr\u00e2ce \u00e0 un code d\u2019acc\u00e8s qui vous sera fourni lors de votre enregistrement \u00e0 la r\u00e9ception.\u00a0<\/span><span title=\"If you arrive after the closing of the gates, you are asked to park your car in the visitor parking free camping and join your site on foot.\">Si vous arrivez apr\u00e8s la fermeture des barri\u00e8res, il vous est demand\u00e9 de garer votre v\u00e9hicule sur le parking visiteurs du camping gratuit et rejoindre votre emplacement \u00e0 pied.\u00a0<\/span><span title=\"In case of late arrival please contact us at the office during opening hours: 02 28 11 42 90. \">En cas d\u2019arriv\u00e9e tardive, contactez-nous au bureau pendant les horaires d\u2019ouverture : <a href=\"tel:0251547827\">02 51 54 78 27<\/a>.<\/span><\/span><\/span><\/p><p><span style=\"color: #000000;\" title=\"Remember, no vehicle traffic is allowed on the campsite between 10:30 pm ET 7am for security and respect sleep of everyone. \">Pour rappel, aucun v\u00e9hicule n\u2019est autoris\u00e9 \u00e0 circuler dans le camping entre 23h et 7h, pour la s\u00e9curit\u00e9 et le respect du sommeil de chacun.<\/span><\/p><h3><span style=\"color: #000000;\"><strong><span title=\"Deposit \/ security deposit \">Caution \/ d\u00e9p\u00f4t de garantie<\/span><\/strong><\/span><\/h3><p><span style=\"color: #000000;\"><span title=\"To ensure compliance of our locations, we will ask for a deposit (not cashed) 250 \u20ac for the equipment and 50 \u20ac for cleaning on the day of arrival at the keys.\">Pour garantir le respect de nos locations, nous vous demanderons deux cautions (non encaiss\u00e9es) de 350\u20ac pour le mat\u00e9riel et 100\u20ac pour le m\u00e9nage, le jour de l\u2019arriv\u00e9e \u00e0 la remise des cl\u00e9s ou en avance lors du paiement de votre solde afin de faciliter votre arriv\u00e9e. <\/span><span title=\"This deposit by check, cash or credit card imprint will be returned after the inventory by a team member from the campsite. \">Cette caution par ch\u00e8que, esp\u00e8ces ou empreinte de carte de cr\u00e9dit sera restitu\u00e9e apr\u00e8s l\u2019\u00e9tat des lieux par un membre de l\u2019\u00e9quipe du camping.<\/span><\/span><\/p><h3><span style=\"color: #000000;\"><strong><span title=\"State of Play \/ cleaning fee \">Etat des lieux \/ forfait m\u00e9nage<\/span><\/strong><span id=\"result_box\" lang=\"en\"><span id=\"result_box\" lang=\"fr\"><\/span><\/span><\/span><\/h3><p><span style=\"color: #000000;\"><span title=\"Upon arrival, thank you to check the general condition of your rental and report as soon as possible every breach or possible repair.\">Lors de votre arriv\u00e9e, nous vous remercions de bien vouloir contr\u00f4ler l\u2019\u00e9tat g\u00e9n\u00e9ral de votre location et de signaler d\u00e8s que possible les moindres manquement ou r\u00e9paration \u00e9ventuels.\u00a0<\/span><span title=\"Thank you kindly go to the campsite reception 3 days before your departure to arrange an appointment status of fixtures the day of departure.\">Nous vous remercions de bien vouloir passer \u00e0 la r\u00e9ception du camping 3 jours avant votre d\u00e9part pour fixer un rendez-vous d\u2019\u00e9tat des lieux de sortie le jour du d\u00e9part.<\/span><\/span><\/p><h3><span style=\"color: #000000;\"><strong><span title=\"Pet \">Animal de compagnie<\/span><\/strong><\/span><\/h3><p><span style=\"color: #000000;\"><span title=\"Pets are allowed on the campsite, only 1 per pitch or rented accommodation (aged more than one year and less than 6kg in rental accommodation) moyenant a fee payable when booking.\">Les animaux sont accept\u00e9s sur le camping, seulement 1 seul par emplacement ou h\u00e9bergement locatif (\u00e2g\u00e9 de plus d\u2019un an et moins de 6 kg dans les h\u00e9bergements locatifs), moyennant une redevance payable lors de votre r\u00e9servation.\u00a0<\/span><span title=\"They must be kept on a leash and be tattooed.\">Ils doivent \u00eatre tenus en laisse en permanence\u00a0<\/span><span lang=\"en\"><span lang=\"fr\"><span title=\"They must be kept on a leash and be tattooed.\">et \u00eatre tatou\u00e9s.\u00a0<\/span><span title=\"Dogs 1st and 2nd categories are intredits field.\">Les Chiens de 1\u00e8re et 2\u00e8me cat\u00e9gories sont interdits sur le terrain.\u00a0<\/span><span title=\"We ask you to present the updated vaccination card upon arrival. \">Nous vous demandons de pr\u00e9senter la carte de vaccination le jour de votre l\u2019arriv\u00e9e.<\/span><\/span><\/span><\/span><\/p><h3><span style=\"color: #000000;\" title=\"Vehicle parking \"><strong>Stationnement v\u00e9hicule<\/strong><\/span><\/h3><p><span lang=\"en\" style=\"color: #000000;\"><span lang=\"fr\"><span title=\"A parking space for your car is planned next to your rental for free.\">Une place de parking pour votre v\u00e9hicule est pr\u00e9vu \u00e0 c\u00f4t\u00e9 de votre location gratuitement.\u00a0<\/span><span title=\"Know that the campsite offers free parking at the entrance of the site. \">Sachez que le camping dispose d\u2019un parking gratuit \u00e0 l\u2019entr\u00e9e du site.<\/span><\/span><\/span><\/p><h3><span lang=\"en\" style=\"color: #000000;\"><span lang=\"fr\"><strong><span title=\"Visitors \">Visiteurs<\/span><\/strong><\/span><\/span><\/h3><p><span style=\"color: #000000;\"><span title=\"Visitors are required to report to reception before entering the campsite and leave their vehicles in the car park at the entrance.\">Les visiteurs doivent obligatoirement se pr\u00e9senter \u00e0 l\u2019accueil avant de p\u00e9n\u00e9trer dans le camping et laisser leur v\u00e9hicule sur le parking \u00e0 l\u2019entr\u00e9e.\u00a0<\/span><span title=\"They are the responsibility of the campers who receive them and should set the visitor rate in force.\">Ils sont sous la responsabilit\u00e9 des campeurs qui les re\u00e7oivent et doivent r\u00e9gler le tarif visiteur en vigueur.\u00a0<\/span><span title=\"Management reserves the right to deny access to the pool to visitors during the high season. \">La direction se r\u00e9serve le droit de refuser l\u2019acc\u00e8s \u00e0 la piscine aux visiteurs pendant la haute saison.<\/span><\/span><\/p><h3><span style=\"color: #000000;\"><strong><span title=\"Equipment loan \">Pr\u00eat de mat\u00e9riel<\/span><\/strong><\/span><\/h3><p><span lang=\"en\" style=\"color: #000000;\"><span lang=\"fr\"><span title=\"European standard plug loan (deposit) \">Pr\u00eat de prise standard europ\u00e9enne (caution)<\/span><br \/><span title=\"Loan of iron and ironing board (deposit)\">Pr\u00eat de fer et table \u00e0 repasser (caution)<\/span><\/span><\/span><\/p>\t\t\t\t\t\t\t\t<\/div>\n\t\t\t\t<\/div>\n\t\t\t\t<div class=\"elementor-element elementor-element-7ebb7f6 elementor-align-center elementor-widget elementor-widget-button\" data-id=\"7ebb7f6\" data-element_type=\"widget\" data-widget_type=\"button.default\">\n\t\t\t\t<div class=\"elementor-widget-container\">\n\t\t\t\t\t\t\t\t\t<div class=\"elementor-button-wrapper\">\n\t\t\t\t\t<a class=\"elementor-button elementor-button-link elementor-size-sm elementor-animation-float\" href=\"https:\/\/bookingpremium.secureholiday.net\/fr\/13676\/\">\n\t\t\t\t\t\t<span class=\"elementor-button-content-wrapper\">\n\t\t\t\t\t\t<span class=\"elementor-button-icon\">\n\t\t\t\t<i aria-hidden=\"true\" class=\"far fa-comments\"><\/i>\t\t\t<\/span>\n\t\t\t\t\t\t\t\t\t<span class=\"elementor-button-text\">Venir au camping<\/span>\n\t\t\t\t\t<\/span>\n\t\t\t\t\t<\/a>\n\t\t\t\t<\/div>\n\t\t\t\t\t\t\t\t<\/div>\n\t\t\t\t<\/div>\n\t\t\t\t\t<\/div>\n\t\t<\/div>\n\t\t\t\t\t<\/div>\n\t\t<\/section>\n\t\t\t\t<\/div>\n\t\t","protected":false},"excerpt":{"rendered":"<p>Infos pratiques RESERVATION INFOS Vous souhaitez r\u00e9server un s\u00e9jour dans notre camping ? C\u2019est \u00e0 Saint Hilaire de Riez, dans le d\u00e9partement de la Vend\u00e9e, que le camping 3 \u00e9toiles La Par\u00e9e du Both vous accueille. Situ\u00e9 tout pr\u00e8s de l\u2019oc\u00e9an et en bordure de la for\u00eat de Sion, le camping promet de belles vacances &#8230; <a title=\"Infos pratiques\" class=\"read-more\" href=\"https:\/\/agence-webmarketing.eu\/camping-pdb\/infos-pratiques\/\" aria-label=\"En savoir plus sur Infos pratiques\">Lire la suite<\/a><\/p>\n","protected":false},"author":1,"featured_media":0,"parent":0,"menu_order":0,"comment_status":"closed","ping_status":"closed","template":"elementor_header_footer","meta":{"footnotes":""},"aioseo_notices":[],"_links":{"self":[{"href":"https:\/\/agence-webmarketing.eu\/camping-pdb\/wp-json\/wp\/v2\/pages\/62"}],"collection":[{"href":"https:\/\/agence-webmarketing.eu\/camping-pdb\/wp-json\/wp\/v2\/pages"}],"about":[{"href":"https:\/\/agence-webmarketing.eu\/camping-pdb\/wp-json\/wp\/v2\/types\/page"}],"author":[{"embeddable":true,"href":"https:\/\/agence-webmarketing.eu\/camping-pdb\/wp-json\/wp\/v2\/users\/1"}],"replies":[{"embeddable":true,"href":"https:\/\/agence-webmarketing.eu\/camping-pdb\/wp-json\/wp\/v2\/comments?post=62"}],"version-history":[{"count":0,"href":"https:\/\/agence-webmarketing.eu\/camping-pdb\/wp-json\/wp\/v2\/pages\/62\/revisions"}],"wp:attachment":[{"href":"https:\/\/agence-webmarketing.eu\/camping-pdb\/wp-json\/wp\/v2\/media?parent=62"}],"curies":[{"name":"wp","href":"https:\/\/api.w.org\/{rel}","templated":true}]}}