{"id":66,"date":"2019-10-25T16:29:04","date_gmt":"2019-10-25T14:29:04","guid":{"rendered":"https:\/\/agence-webmarketing.eu\/camping-pdb\/?page_id=66"},"modified":"2024-01-13T21:01:04","modified_gmt":"2024-01-13T20:01:04","slug":"activites-enfants","status":"publish","type":"page","link":"https:\/\/agence-webmarketing.eu\/camping-pdb\/activites-enfants\/","title":{"rendered":"Activit\u00e9s Enfants"},"content":{"rendered":"\t\t<div data-elementor-type=\"wp-page\" data-elementor-id=\"66\" class=\"elementor elementor-66\">\n\t\t\t\t\t\t<section class=\"elementor-section elementor-top-section elementor-element elementor-element-7e7fcaf elementor-section-stretched elementor-section-full_width elementor-section-height-default elementor-section-height-default\" data-id=\"7e7fcaf\" data-element_type=\"section\" data-settings=\"{&quot;stretch_section&quot;:&quot;section-stretched&quot;,&quot;background_background&quot;:&quot;classic&quot;}\">\n\t\t\t\t\t\t\t<div class=\"elementor-background-overlay\"><\/div>\n\t\t\t\t\t\t\t<div class=\"elementor-container elementor-column-gap-default\">\n\t\t\t\t\t<div class=\"elementor-column elementor-col-50 elementor-top-column elementor-element elementor-element-6e1078c elementor-invisible\" data-id=\"6e1078c\" data-element_type=\"column\" data-settings=\"{&quot;background_background&quot;:&quot;classic&quot;,&quot;animation&quot;:&quot;fadeInLeft&quot;,&quot;animation_delay&quot;:5}\">\n\t\t\t<div class=\"elementor-widget-wrap elementor-element-populated\">\n\t\t\t\t\t\t<div class=\"elementor-element elementor-element-04a6c3f elementor-widget elementor-widget-heading\" data-id=\"04a6c3f\" data-element_type=\"widget\" data-widget_type=\"heading.default\">\n\t\t\t\t<div class=\"elementor-widget-container\">\n\t\t\t\t\t<h1 class=\"elementor-heading-title elementor-size-default\">Les <b>animations<\/b> pour enfants<\/h1>\t\t\t\t<\/div>\n\t\t\t\t<\/div>\n\t\t\t\t<div class=\"elementor-element elementor-element-54bbd07 elementor-align-left elementor-widget elementor-widget-button\" data-id=\"54bbd07\" data-element_type=\"widget\" data-widget_type=\"button.default\">\n\t\t\t\t<div class=\"elementor-widget-container\">\n\t\t\t\t\t\t\t\t\t<div class=\"elementor-button-wrapper\">\n\t\t\t\t\t<a class=\"elementor-button elementor-button-link elementor-size-sm elementor-animation-float\" href=\"#activites\" target=\"_blank\">\n\t\t\t\t\t\t<span class=\"elementor-button-content-wrapper\">\n\t\t\t\t\t\t\t\t\t<span class=\"elementor-button-text\">D\u00e9couvrir<\/span>\n\t\t\t\t\t<\/span>\n\t\t\t\t\t<\/a>\n\t\t\t\t<\/div>\n\t\t\t\t\t\t\t\t<\/div>\n\t\t\t\t<\/div>\n\t\t\t\t\t<\/div>\n\t\t<\/div>\n\t\t\t\t<div class=\"elementor-column elementor-col-50 elementor-top-column elementor-element elementor-element-469c6a2\" data-id=\"469c6a2\" data-element_type=\"column\">\n\t\t\t<div class=\"elementor-widget-wrap\">\n\t\t\t\t\t\t\t<\/div>\n\t\t<\/div>\n\t\t\t\t\t<\/div>\n\t\t<\/section>\n\t\t\t\t<section class=\"elementor-section elementor-top-section elementor-element elementor-element-3dc0709 elementor-section-stretched elementor-section-boxed elementor-section-height-default elementor-section-height-default\" data-id=\"3dc0709\" data-element_type=\"section\" data-settings=\"{&quot;stretch_section&quot;:&quot;section-stretched&quot;,&quot;background_background&quot;:&quot;classic&quot;}\">\n\t\t\t\t\t\t<div class=\"elementor-container elementor-column-gap-default\">\n\t\t\t\t\t<div class=\"elementor-column elementor-col-100 elementor-top-column elementor-element elementor-element-bb160f5\" data-id=\"bb160f5\" data-element_type=\"column\">\n\t\t\t<div class=\"elementor-widget-wrap elementor-element-populated\">\n\t\t\t\t\t\t<div class=\"elementor-element elementor-element-f23602e elementor-widget elementor-widget-heading\" data-id=\"f23602e\" data-element_type=\"widget\" data-widget_type=\"heading.default\">\n\t\t\t\t<div class=\"elementor-widget-container\">\n\t\t\t\t\t<p class=\"elementor-heading-title elementor-size-default\">R\u00e9servez votre s\u00e9jour en Vend\u00e9e<\/p>\t\t\t\t<\/div>\n\t\t\t\t<\/div>\n\t\t\t\t<div class=\"elementor-element elementor-element-7db6d66 elementor-widget elementor-widget-html\" data-id=\"7db6d66\" data-element_type=\"widget\" data-settings=\"{&quot;_animation&quot;:&quot;none&quot;}\" data-widget_type=\"html.default\">\n\t\t\t\t<div class=\"elementor-widget-container\">\n\t\t\t\t\t<ctv-searchbar><\/ctv-searchbar>\t\t\t\t<\/div>\n\t\t\t\t<\/div>\n\t\t\t\t\t<\/div>\n\t\t<\/div>\n\t\t\t\t\t<\/div>\n\t\t<\/section>\n\t\t\t\t<section class=\"elementor-section elementor-top-section elementor-element elementor-element-3760bff elementor-section-full_width elementor-section-stretched elementor-section-height-default elementor-section-height-default\" data-id=\"3760bff\" data-element_type=\"section\" id=\"activites\" data-settings=\"{&quot;stretch_section&quot;:&quot;section-stretched&quot;}\">\n\t\t\t\t\t\t<div class=\"elementor-container elementor-column-gap-default\">\n\t\t\t\t\t<div class=\"elementor-column elementor-col-50 elementor-top-column elementor-element elementor-element-17d61fb\" data-id=\"17d61fb\" data-element_type=\"column\">\n\t\t\t<div class=\"elementor-widget-wrap elementor-element-populated\">\n\t\t\t\t\t\t<div class=\"elementor-element elementor-element-5483b4e elementor-widget elementor-widget-toggle\" data-id=\"5483b4e\" data-element_type=\"widget\" data-widget_type=\"toggle.default\">\n\t\t\t\t<div class=\"elementor-widget-container\">\n\t\t\t\t\t\t\t<div class=\"elementor-toggle\">\n\t\t\t\t\t\t\t<div class=\"elementor-toggle-item\">\n\t\t\t\t\t<h2 id=\"elementor-tab-title-8861\" class=\"elementor-tab-title\" data-tab=\"1\" role=\"button\" aria-controls=\"elementor-tab-content-8861\" aria-expanded=\"false\">\n\t\t\t\t\t\t\t\t\t\t\t\t<a class=\"elementor-toggle-title\" tabindex=\"0\">Le club enfant pour les 6-12 ans<\/a>\n\t\t\t\t\t<\/h2>\n\n\t\t\t\t\t<div id=\"elementor-tab-content-8861\" class=\"elementor-tab-content elementor-clearfix\" data-tab=\"1\" role=\"region\" aria-labelledby=\"elementor-tab-title-8861\"><p><span style=\"color: #000000;\">Durant votre s\u00e9jour au camping 3 \u00e9toiles la Par\u00e9e du Both, les enfants ne s&rsquo;ennuient jamais et ont \u00e0 leur disposition une myriade d&rsquo;activit\u00e9s pour qu&rsquo;ils puissent s&rsquo;amuser et se d\u00e9fouler. Club enfants ou Espace jeux, les animations sont nombreuses pour vos enfants qui seront sous la surveillance d&rsquo;animateurs. <a href=\"https:\/\/agence-webmarketing.eu\/camping-pdb\/loisirs\/animations\/\">Vous pouvez \u00e9galement profiter d&rsquo;activit\u00e9s pour petits et grands afin de partager des moments m\u00e9morables en famille.\u00a0\u00a0<\/a><\/span><\/p><\/div>\n\t\t\t\t<\/div>\n\t\t\t\t\t\t\t\t<\/div>\n\t\t\t\t\t\t<\/div>\n\t\t\t\t<\/div>\n\t\t\t\t<div class=\"elementor-element elementor-element-4c4d783 elementor-widget elementor-widget-text-editor\" data-id=\"4c4d783\" data-element_type=\"widget\" data-widget_type=\"text-editor.default\">\n\t\t\t\t<div class=\"elementor-widget-container\">\n\t\t\t\t\t\t\t\t\t<p>Si vous souhaitez profiter de quelques moments de tranquillit\u00e9 en couple durant vos vacances, le <strong>club enfants<\/strong> vous permettra de laisser vos enfants profiter d&rsquo;activit\u00e9s vari\u00e9es. Nos animateurs seront pr\u00e9sents pour leur proposer diff\u00e9rentes animations (peinture, dessin, jeux&#8230;), vous pourrez ainsi profiter des autres activit\u00e9s propos\u00e9es par le camping.\u00a0<\/p><p>A votre attention, les animations du camping peuvent \u00eatre sujettes \u00e0 des modifications d&rsquo;une semaine \u00e0 l&rsquo;autre. Lors de votre s\u00e9jour, nous vous tenons r\u00e9guli\u00e8rement inform\u00e9 de l&rsquo;actualisation du planning.\u00a0<\/p>\t\t\t\t\t\t\t\t<\/div>\n\t\t\t\t<\/div>\n\t\t\t\t<div class=\"elementor-element elementor-element-8579fe8 elementor-align-left elementor-widget elementor-widget-button\" data-id=\"8579fe8\" data-element_type=\"widget\" data-widget_type=\"button.default\">\n\t\t\t\t<div class=\"elementor-widget-container\">\n\t\t\t\t\t\t\t\t\t<div class=\"elementor-button-wrapper\">\n\t\t\t\t\t<a class=\"elementor-button elementor-button-link elementor-size-sm elementor-animation-float\" href=\"https:\/\/agence-webmarketing.eu\/camping-pdb\/espace-aquatique\/\">\n\t\t\t\t\t\t<span class=\"elementor-button-content-wrapper\">\n\t\t\t\t\t\t\t\t\t<span class=\"elementor-button-text\">D\u00e9couvrez l'espace aquatique<\/span>\n\t\t\t\t\t<\/span>\n\t\t\t\t\t<\/a>\n\t\t\t\t<\/div>\n\t\t\t\t\t\t\t\t<\/div>\n\t\t\t\t<\/div>\n\t\t\t\t\t<\/div>\n\t\t<\/div>\n\t\t\t\t<div class=\"elementor-column elementor-col-50 elementor-top-column elementor-element elementor-element-9ecd5b1\" data-id=\"9ecd5b1\" data-element_type=\"column\">\n\t\t\t<div class=\"elementor-widget-wrap\">\n\t\t\t\t\t\t\t<\/div>\n\t\t<\/div>\n\t\t\t\t\t<\/div>\n\t\t<\/section>\n\t\t\t\t<section class=\"elementor-section elementor-top-section elementor-element elementor-element-d3d67d9 elementor-section-full_width elementor-section-stretched elementor-section-height-default elementor-section-height-default\" data-id=\"d3d67d9\" data-element_type=\"section\" data-settings=\"{&quot;stretch_section&quot;:&quot;section-stretched&quot;}\">\n\t\t\t\t\t\t<div class=\"elementor-container elementor-column-gap-default\">\n\t\t\t\t\t<div class=\"elementor-column elementor-col-50 elementor-top-column elementor-element elementor-element-5a96701\" data-id=\"5a96701\" data-element_type=\"column\">\n\t\t\t<div class=\"elementor-widget-wrap\">\n\t\t\t\t\t\t\t<\/div>\n\t\t<\/div>\n\t\t\t\t<div class=\"elementor-column elementor-col-50 elementor-top-column elementor-element elementor-element-5273f15\" data-id=\"5273f15\" data-element_type=\"column\">\n\t\t\t<div class=\"elementor-widget-wrap elementor-element-populated\">\n\t\t\t\t\t\t<div class=\"elementor-element elementor-element-090904b elementor-widget elementor-widget-toggle\" data-id=\"090904b\" data-element_type=\"widget\" data-widget_type=\"toggle.default\">\n\t\t\t\t<div class=\"elementor-widget-container\">\n\t\t\t\t\t\t\t<div class=\"elementor-toggle\">\n\t\t\t\t\t\t\t<div class=\"elementor-toggle-item\">\n\t\t\t\t\t<h2 id=\"elementor-tab-title-9471\" class=\"elementor-tab-title\" data-tab=\"1\" role=\"button\" aria-controls=\"elementor-tab-content-9471\" aria-expanded=\"false\">\n\t\t\t\t\t\t\t\t\t\t\t\t<a class=\"elementor-toggle-title\" tabindex=\"0\">L'espace jeux <\/a>\n\t\t\t\t\t<\/h2>\n\n\t\t\t\t\t<div id=\"elementor-tab-content-9471\" class=\"elementor-tab-content elementor-clearfix\" data-tab=\"1\" role=\"region\" aria-labelledby=\"elementor-tab-title-9471\"><p><span style=\"color: #000000;\"><strong>Au camping La Par\u00e9e du Both, les vacances de vos enfants rimeront avec plaisirs et d\u00e9couvertes.<\/strong> Des <strong>animations<\/strong><b> en juillet et en ao\u00fbt <\/b>avec <strong>le club enfant encadr\u00e9 par des animateurs<\/strong>. <strong>Jeux sportifs, activit\u00e9s ludiques et loisirs cr\u00e9atifs<\/strong> <strong>sont au programme<\/strong> pour que vos enfants ne s\u2019ennuient jamais et vivent des moments inoubliables. Les activit\u00e9s effectu\u00e9es : jeux collectifs, ping-pong, structure gonflable ou encore activit\u00e9s manuelles (dessin, peinture, coloriage). Nos animateurs accueillent vos enfants\u00a0pour <strong>des activit\u00e9s en toute s\u00e9curit\u00e9<\/strong>. Vous pouvez alors profiter sereinement de vos vacances au camping en famille.<\/span><\/p><p><span style=\"color: #000000;\">Parmi les nombreux loisirs sur place, <span style=\"text-decoration: underline;\"><span style=\"color: #e6007e;\"><strong><a style=\"color: #e6007e; text-decoration: underline;\" href=\"https:\/\/agence-webmarketing.eu\/camping-pdb\/espace-aquatique\/\">notre espace aquatique<\/a><\/strong><\/span><\/span> est un passage obligatoire. Elle comprend un<strong>\u00a0toboggan et une pataugeoire avec jeux d\u2019eau pour vos enfants<\/strong>. A l\u2019occasion d\u2019un s\u00e9jour \u00e0 La Par\u00e9e du Both, pour pouvez <strong>d\u00e9couvrir le grand espace aquatique de la r\u00e9gion<\/strong>. Situ\u00e9 \u00e0 Saint-Hilaire-de-Riez en Vend\u00e9e, <strong><span style=\"text-decoration: underline;\"><span style=\"color: #e6007e;\"><a style=\"color: #e6007e; text-decoration: underline;\" href=\"https:\/\/agence-webmarketing.eu\/camping-pdb\/tourisme\/les-incontournables-de-la-vendee\/\">le parc aquatique Atlantic Toboggan<\/a><\/span><\/span><\/strong> offre la possibilit\u00e9 de s\u2019amuser \u00e0 travers diff\u00e9rentes activit\u00e9s nautiques. Tout un programme pour passer de belles vacances en camping 3 \u00e9toiles en Vend\u00e9e\u00a0!<\/span><\/p><\/div>\n\t\t\t\t<\/div>\n\t\t\t\t\t\t\t\t<\/div>\n\t\t\t\t\t\t<\/div>\n\t\t\t\t<\/div>\n\t\t\t\t<div class=\"elementor-element elementor-element-16c241c elementor-widget elementor-widget-text-editor\" data-id=\"16c241c\" data-element_type=\"widget\" data-widget_type=\"text-editor.default\">\n\t\t\t\t<div class=\"elementor-widget-container\">\n\t\t\t\t\t\t\t\t\t<p><span style=\"color: #000000;\">En plus du club, les enfants pourront jouer \u00e0 diff\u00e9rentes activit\u00e9s en plein air afin de se d\u00e9penser tout au long du s\u00e9jour.\u00a0<\/span><\/p>\t\t\t\t\t\t\t\t<\/div>\n\t\t\t\t<\/div>\n\t\t\t\t<div class=\"elementor-element elementor-element-d52b375 elementor-align-left elementor-icon-list--layout-traditional elementor-list-item-link-full_width elementor-widget elementor-widget-icon-list\" data-id=\"d52b375\" data-element_type=\"widget\" data-widget_type=\"icon-list.default\">\n\t\t\t\t<div class=\"elementor-widget-container\">\n\t\t\t\t\t\t\t<ul class=\"elementor-icon-list-items\">\n\t\t\t\t\t\t\t<li class=\"elementor-icon-list-item\">\n\t\t\t\t\t\t\t\t\t\t\t<span class=\"elementor-icon-list-icon\">\n\t\t\t\t\t\t\t<i aria-hidden=\"true\" class=\"fas fa-child\"><\/i>\t\t\t\t\t\t<\/span>\n\t\t\t\t\t\t\t\t\t\t<span class=\"elementor-icon-list-text\">Une structure de jeux avec toboggan (de 3 \u00e0 12 ans) <\/span>\n\t\t\t\t\t\t\t\t\t<\/li>\n\t\t\t\t\t\t\t\t<li class=\"elementor-icon-list-item\">\n\t\t\t\t\t\t\t\t\t\t\t<span class=\"elementor-icon-list-icon\">\n\t\t\t\t\t\t\t<i aria-hidden=\"true\" class=\"fas fa-shoe-prints\"><\/i>\t\t\t\t\t\t<\/span>\n\t\t\t\t\t\t\t\t\t\t<span class=\"elementor-icon-list-text\">Un trampoline<\/span>\n\t\t\t\t\t\t\t\t\t<\/li>\n\t\t\t\t\t\t\t\t<li class=\"elementor-icon-list-item\">\n\t\t\t\t\t\t\t\t\t\t\t<span class=\"elementor-icon-list-icon\">\n\t\t\t\t\t\t\t<i aria-hidden=\"true\" class=\"fas fa-child\"><\/i>\t\t\t\t\t\t<\/span>\n\t\t\t\t\t\t\t\t\t\t<span class=\"elementor-icon-list-text\">Balan\u00e7oire \"nid d'oiseaux\"<\/span>\n\t\t\t\t\t\t\t\t\t<\/li>\n\t\t\t\t\t\t\t\t<li class=\"elementor-icon-list-item\">\n\t\t\t\t\t\t\t\t\t\t\t<span class=\"elementor-icon-list-icon\">\n\t\t\t\t\t\t\t<i aria-hidden=\"true\" class=\"fas fa-basketball-ball\"><\/i>\t\t\t\t\t\t<\/span>\n\t\t\t\t\t\t\t\t\t\t<span class=\"elementor-icon-list-text\">Terrain Multisport<\/span>\n\t\t\t\t\t\t\t\t\t<\/li>\n\t\t\t\t\t\t\t\t<li class=\"elementor-icon-list-item\">\n\t\t\t\t\t\t\t\t\t\t\t<span class=\"elementor-icon-list-icon\">\n\t\t\t\t\t\t\t<i aria-hidden=\"true\" class=\"fas fa-dice\"><\/i>\t\t\t\t\t\t<\/span>\n\t\t\t\t\t\t\t\t\t\t<span class=\"elementor-icon-list-text\">Salle de Jeux avec billard et air pallet<\/span>\n\t\t\t\t\t\t\t\t\t<\/li>\n\t\t\t\t\t\t<\/ul>\n\t\t\t\t\t\t<\/div>\n\t\t\t\t<\/div>\n\t\t\t\t<div class=\"elementor-element elementor-element-a68d598 elementor-widget elementor-widget-spacer\" data-id=\"a68d598\" data-element_type=\"widget\" data-widget_type=\"spacer.default\">\n\t\t\t\t<div class=\"elementor-widget-container\">\n\t\t\t\t\t\t\t<div class=\"elementor-spacer\">\n\t\t\t<div class=\"elementor-spacer-inner\"><\/div>\n\t\t<\/div>\n\t\t\t\t\t\t<\/div>\n\t\t\t\t<\/div>\n\t\t\t\t<div class=\"elementor-element elementor-element-8ffb2a5 elementor-align-left elementor-widget elementor-widget-button\" data-id=\"8ffb2a5\" data-element_type=\"widget\" data-widget_type=\"button.default\">\n\t\t\t\t<div class=\"elementor-widget-container\">\n\t\t\t\t\t\t\t\t\t<div class=\"elementor-button-wrapper\">\n\t\t\t\t\t<a class=\"elementor-button elementor-button-link elementor-size-sm elementor-animation-float\" href=\"https:\/\/agence-webmarketing.eu\/camping-pdb\/tourisme\/les-incontournables-de-la-vendee\/\">\n\t\t\t\t\t\t<span class=\"elementor-button-content-wrapper\">\n\t\t\t\t\t\t\t\t\t<span class=\"elementor-button-text\">D\u00e9couvrez les activit\u00e9s \u00e0 faire en Vend\u00e9e <\/span>\n\t\t\t\t\t<\/span>\n\t\t\t\t\t<\/a>\n\t\t\t\t<\/div>\n\t\t\t\t\t\t\t\t<\/div>\n\t\t\t\t<\/div>\n\t\t\t\t\t<\/div>\n\t\t<\/div>\n\t\t\t\t\t<\/div>\n\t\t<\/section>\n\t\t\t\t<section class=\"elementor-section elementor-top-section elementor-element elementor-element-875a5be elementor-section-boxed elementor-section-height-default elementor-section-height-default\" data-id=\"875a5be\" data-element_type=\"section\">\n\t\t\t\t\t\t<div class=\"elementor-container elementor-column-gap-default\">\n\t\t\t\t\t<div class=\"elementor-column elementor-col-50 elementor-top-column elementor-element elementor-element-7fa17ae\" data-id=\"7fa17ae\" data-element_type=\"column\">\n\t\t\t<div class=\"elementor-widget-wrap elementor-element-populated\">\n\t\t\t\t\t\t<div class=\"elementor-element elementor-element-80aa28b elementor-widget elementor-widget-image\" data-id=\"80aa28b\" data-element_type=\"widget\" data-widget_type=\"image.default\">\n\t\t\t\t<div class=\"elementor-widget-container\">\n\t\t\t\t\t\t\t\t\t\t\t\t\t\t\t<img fetchpriority=\"high\" decoding=\"async\" width=\"900\" height=\"675\" src=\"https:\/\/agence-webmarketing.eu\/camping-pdb\/wp-content\/uploads\/2023\/12\/camping-paree-both-vendee-billard-min.jpg\" class=\"attachment-large size-large wp-image-6822\" alt=\"Espace de Jeux Camping La Par\u00e9e du Both\" srcset=\"https:\/\/agence-webmarketing.eu\/camping-pdb\/wp-content\/uploads\/2023\/12\/camping-paree-both-vendee-billard-min.jpg 900w, https:\/\/agence-webmarketing.eu\/camping-pdb\/wp-content\/uploads\/2023\/12\/camping-paree-both-vendee-billard-min-300x225.jpg 300w, https:\/\/agence-webmarketing.eu\/camping-pdb\/wp-content\/uploads\/2023\/12\/camping-paree-both-vendee-billard-min-768x576.jpg 768w\" sizes=\"(max-width: 900px) 100vw, 900px\" \/>\t\t\t\t\t\t\t\t\t\t\t\t\t\t\t<\/div>\n\t\t\t\t<\/div>\n\t\t\t\t\t<\/div>\n\t\t<\/div>\n\t\t\t\t<div class=\"elementor-column elementor-col-50 elementor-top-column elementor-element elementor-element-0728e02\" data-id=\"0728e02\" data-element_type=\"column\">\n\t\t\t<div class=\"elementor-widget-wrap elementor-element-populated\">\n\t\t\t\t\t\t<div class=\"elementor-element elementor-element-429d66e elementor-widget elementor-widget-heading\" data-id=\"429d66e\" data-element_type=\"widget\" data-widget_type=\"heading.default\">\n\t\t\t\t<div class=\"elementor-widget-container\">\n\t\t\t\t\t<h2 class=\"elementor-heading-title elementor-size-default\">Texte Elodie<\/h2>\t\t\t\t<\/div>\n\t\t\t\t<\/div>\n\t\t\t\t<div class=\"elementor-element elementor-element-2167df1 elementor-widget elementor-widget-text-editor\" data-id=\"2167df1\" data-element_type=\"widget\" data-widget_type=\"text-editor.default\">\n\t\t\t\t<div class=\"elementor-widget-container\">\n\t\t\t\t\t\t\t\t\t<p>kjdfjklsjkl fjlsfjljsflksjljsljlfjsmj fjfmslfslkjslj fs fsjfsjlkj fsjlfsklfslkjfsljflsklkfsjklfjkls<\/p>\t\t\t\t\t\t\t\t<\/div>\n\t\t\t\t<\/div>\n\t\t\t\t\t<\/div>\n\t\t<\/div>\n\t\t\t\t\t<\/div>\n\t\t<\/section>\n\t\t\t\t<\/div>\n\t\t","protected":false},"excerpt":{"rendered":"<p>Les animations pour enfants D\u00e9couvrir R\u00e9servez votre s\u00e9jour en Vend\u00e9e Le club enfant pour les 6-12 ans Durant votre s\u00e9jour au camping 3 \u00e9toiles la Par\u00e9e du Both, les enfants ne s&rsquo;ennuient jamais et ont \u00e0 leur disposition une myriade d&rsquo;activit\u00e9s pour qu&rsquo;ils puissent s&rsquo;amuser et se d\u00e9fouler. Club enfants ou Espace jeux, les animations &#8230; <a title=\"Activit\u00e9s Enfants\" class=\"read-more\" href=\"https:\/\/agence-webmarketing.eu\/camping-pdb\/activites-enfants\/\" aria-label=\"En savoir plus sur Activit\u00e9s Enfants\">Lire la suite<\/a><\/p>\n","protected":false},"author":1,"featured_media":0,"parent":0,"menu_order":0,"comment_status":"closed","ping_status":"closed","template":"elementor_header_footer","meta":{"footnotes":""},"aioseo_notices":[],"_links":{"self":[{"href":"https:\/\/agence-webmarketing.eu\/camping-pdb\/wp-json\/wp\/v2\/pages\/66"}],"collection":[{"href":"https:\/\/agence-webmarketing.eu\/camping-pdb\/wp-json\/wp\/v2\/pages"}],"about":[{"href":"https:\/\/agence-webmarketing.eu\/camping-pdb\/wp-json\/wp\/v2\/types\/page"}],"author":[{"embeddable":true,"href":"https:\/\/agence-webmarketing.eu\/camping-pdb\/wp-json\/wp\/v2\/users\/1"}],"replies":[{"embeddable":true,"href":"https:\/\/agence-webmarketing.eu\/camping-pdb\/wp-json\/wp\/v2\/comments?post=66"}],"version-history":[{"count":6,"href":"https:\/\/agence-webmarketing.eu\/camping-pdb\/wp-json\/wp\/v2\/pages\/66\/revisions"}],"predecessor-version":[{"id":6905,"href":"https:\/\/agence-webmarketing.eu\/camping-pdb\/wp-json\/wp\/v2\/pages\/66\/revisions\/6905"}],"wp:attachment":[{"href":"https:\/\/agence-webmarketing.eu\/camping-pdb\/wp-json\/wp\/v2\/media?parent=66"}],"curies":[{"name":"wp","href":"https:\/\/api.w.org\/{rel}","templated":true}]}}