{"id":70,"date":"2019-10-25T16:29:38","date_gmt":"2019-10-25T14:29:38","guid":{"rendered":"https:\/\/agence-webmarketing.eu\/camping-pdb\/?page_id=70"},"modified":"2023-12-12T13:05:28","modified_gmt":"2023-12-12T12:05:28","slug":"st-hilaire-de-riez","status":"publish","type":"page","link":"https:\/\/agence-webmarketing.eu\/camping-pdb\/tourisme\/st-hilaire-de-riez\/","title":{"rendered":"St Hilaire de Riez"},"content":{"rendered":"\t\t<div data-elementor-type=\"wp-page\" data-elementor-id=\"70\" class=\"elementor elementor-70\">\n\t\t\t\t\t\t<section class=\"elementor-section elementor-top-section elementor-element elementor-element-16813ec elementor-section-stretched elementor-section-full_width elementor-section-height-min-height elementor-section-height-default elementor-section-items-middle\" data-id=\"16813ec\" data-element_type=\"section\" data-settings=\"{&quot;stretch_section&quot;:&quot;section-stretched&quot;,&quot;background_background&quot;:&quot;classic&quot;}\">\n\t\t\t\t\t\t\t<div class=\"elementor-background-overlay\"><\/div>\n\t\t\t\t\t\t\t<div class=\"elementor-container elementor-column-gap-default\">\n\t\t\t\t\t<div class=\"elementor-column elementor-col-50 elementor-top-column elementor-element elementor-element-792fff1 elementor-invisible\" data-id=\"792fff1\" data-element_type=\"column\" data-settings=\"{&quot;background_background&quot;:&quot;classic&quot;,&quot;animation&quot;:&quot;fadeInLeft&quot;,&quot;animation_delay&quot;:5}\">\n\t\t\t<div class=\"elementor-widget-wrap elementor-element-populated\">\n\t\t\t\t\t\t<div class=\"elementor-element elementor-element-8235a1d elementor-widget elementor-widget-heading\" data-id=\"8235a1d\" data-element_type=\"widget\" data-widget_type=\"heading.default\">\n\t\t\t\t<div class=\"elementor-widget-container\">\n\t\t\t\t\t<h1 class=\"elementor-heading-title elementor-size-default\"><b>St Hilaire de Riez<\/b>: les lieux \u00e0 d\u00e9couvrir   <\/h1>\t\t\t\t<\/div>\n\t\t\t\t<\/div>\n\t\t\t\t<div class=\"elementor-element elementor-element-75db3b0 elementor-widget elementor-widget-text-editor\" data-id=\"75db3b0\" data-element_type=\"widget\" data-widget_type=\"text-editor.default\">\n\t\t\t\t<div class=\"elementor-widget-container\">\n\t\t\t\t\t\t\t\t\t<p style=\"color: black; text-align: left;\">D\u00e9couvrir <strong>Saint-Hilaire-de-Riez<\/strong>, c\u2019est profiter \u00e0 la fois de la magie de l\u2019<strong>oc\u00e9an<\/strong>, de la qui\u00e9tude de la <strong>for\u00eat<\/strong> et du charme de <strong>marais<\/strong> ancestraux.<br \/>C\u2019est aller \u00e0 la rencontre d\u2019une authentique <strong>cit\u00e9 baln\u00e9aire<\/strong>, dot\u00e9e de nombreux <strong>\u00e9quipements sportifs<\/strong> et de <strong>loisirs<\/strong>, mais pr\u00e9serv\u00e9e des abus de l\u2019urbanisation.<\/p>\t\t\t\t\t\t\t\t<\/div>\n\t\t\t\t<\/div>\n\t\t\t\t\t<\/div>\n\t\t<\/div>\n\t\t\t\t<div class=\"elementor-column elementor-col-50 elementor-top-column elementor-element elementor-element-9f046cc\" data-id=\"9f046cc\" data-element_type=\"column\">\n\t\t\t<div class=\"elementor-widget-wrap\">\n\t\t\t\t\t\t\t<\/div>\n\t\t<\/div>\n\t\t\t\t\t<\/div>\n\t\t<\/section>\n\t\t\t\t<section class=\"elementor-section elementor-top-section elementor-element elementor-element-1c75ea3 elementor-section-full_width elementor-section-stretched elementor-section-height-default elementor-section-height-default\" data-id=\"1c75ea3\" data-element_type=\"section\" data-settings=\"{&quot;stretch_section&quot;:&quot;section-stretched&quot;}\">\n\t\t\t\t\t\t<div class=\"elementor-container elementor-column-gap-default\">\n\t\t\t\t\t<div class=\"elementor-column elementor-col-100 elementor-top-column elementor-element elementor-element-9b3685e\" data-id=\"9b3685e\" data-element_type=\"column\">\n\t\t\t<div class=\"elementor-widget-wrap elementor-element-populated\">\n\t\t\t\t\t\t<section class=\"elementor-section elementor-inner-section elementor-element elementor-element-bd4e8b1 elementor-section-full_width elementor-section-height-default elementor-section-height-default\" data-id=\"bd4e8b1\" data-element_type=\"section\" data-settings=\"{&quot;background_background&quot;:&quot;classic&quot;}\">\n\t\t\t\t\t\t<div class=\"elementor-container elementor-column-gap-default\">\n\t\t\t\t\t<div class=\"elementor-column elementor-col-50 elementor-inner-column elementor-element elementor-element-dc26cd5\" data-id=\"dc26cd5\" data-element_type=\"column\">\n\t\t\t<div class=\"elementor-widget-wrap\">\n\t\t\t\t\t\t\t<\/div>\n\t\t<\/div>\n\t\t\t\t<div class=\"elementor-column elementor-col-50 elementor-inner-column elementor-element elementor-element-9d47c1f\" data-id=\"9d47c1f\" data-element_type=\"column\">\n\t\t\t<div class=\"elementor-widget-wrap elementor-element-populated\">\n\t\t\t\t\t\t<div class=\"elementor-element elementor-element-e810369 elementor-widget elementor-widget-heading\" data-id=\"e810369\" data-element_type=\"widget\" data-widget_type=\"heading.default\">\n\t\t\t\t<div class=\"elementor-widget-container\">\n\t\t\t\t\t<h2 class=\"elementor-heading-title elementor-size-default\">Les Plages <\/h2>\t\t\t\t<\/div>\n\t\t\t\t<\/div>\n\t\t\t\t<div class=\"elementor-element elementor-element-5ea4ce9 elementor-widget elementor-widget-text-editor\" data-id=\"5ea4ce9\" data-element_type=\"widget\" data-widget_type=\"text-editor.default\">\n\t\t\t\t<div class=\"elementor-widget-container\">\n\t\t\t\t\t\t\t\t\tLa station baln\u00e9aire de St Hilaire de Riez ne poss\u00e8de pas moins de <strong>11 plages<\/strong>. Avec ses <strong>10 km de plages de sable fin<\/strong>, bord\u00e9es de dunes, elle constitue <strong>la plus longue fa\u00e7ade atlantique<\/strong> du d\u00e9partement de la Vend\u00e9e. Depuis 2002, la station pratique le<strong> nettoyage s\u00e9lectif<\/strong> de son littoral, afin de conserver des plages propres pour les vacanciers et pr\u00e9server l&rsquo;environnement . Partir vous pr\u00e9lasser au soleil ou profiter d&rsquo;une petite baignade dans l&rsquo;oc\u00e9an atlantique sont \u00e9videmment des activit\u00e9s incontournables de votre s\u00e9jour \u00e0 St Hilaire de Riez.\u00a0\t\t\t\t\t\t\t\t<\/div>\n\t\t\t\t<\/div>\n\t\t\t\t\t<\/div>\n\t\t<\/div>\n\t\t\t\t\t<\/div>\n\t\t<\/section>\n\t\t\t\t<section class=\"elementor-section elementor-inner-section elementor-element elementor-element-83a418a elementor-section-full_width elementor-section-height-default elementor-section-height-default\" data-id=\"83a418a\" data-element_type=\"section\">\n\t\t\t\t\t\t<div class=\"elementor-container elementor-column-gap-default\">\n\t\t\t\t\t<div class=\"elementor-column elementor-col-50 elementor-inner-column elementor-element elementor-element-6f88445\" data-id=\"6f88445\" data-element_type=\"column\">\n\t\t\t<div class=\"elementor-widget-wrap elementor-element-populated\">\n\t\t\t\t\t\t<div class=\"elementor-element elementor-element-c6cff92 elementor-widget elementor-widget-heading\" data-id=\"c6cff92\" data-element_type=\"widget\" data-widget_type=\"heading.default\">\n\t\t\t\t<div class=\"elementor-widget-container\">\n\t\t\t\t\t<h2 class=\"elementor-heading-title elementor-size-default\">La corniche vend\u00e9enne<\/h2>\t\t\t\t<\/div>\n\t\t\t\t<\/div>\n\t\t\t\t<div class=\"elementor-element elementor-element-56f354a elementor-widget elementor-widget-text-editor\" data-id=\"56f354a\" data-element_type=\"widget\" data-widget_type=\"text-editor.default\">\n\t\t\t\t<div class=\"elementor-widget-container\">\n\t\t\t\t\t\t\t\t\tEn plus de ces nombreuses <strong>plages de sable fin<\/strong>, la station baln\u00e9aire de Saint Hilaire de Riez dispose d&rsquo;une c\u00f4te sauvage dot\u00e9e d&rsquo;une v\u00e9g\u00e9tation luxuriante. Les <strong>3km de c\u00f4te rocheuse<\/strong> bordant le littoral sont ainsi nomm\u00e9s \u00ab\u00a0<strong>La corniche vend\u00e9enne\u00a0\u00bb<\/strong>. Sur cette corniche, vous pourrez effectuer des balades \u00e0 pieds ou \u00e0 v\u00e9lo pour admirer les diff\u00e9rentes criques de la c\u00f4te et profiter d&rsquo;un panorama unique sur l&rsquo;oc\u00e9an atlantique. Une activit\u00e9 \u00e0 ne surtout pas louper durant votre s\u00e9jour !\u00a0\t\t\t\t\t\t\t\t<\/div>\n\t\t\t\t<\/div>\n\t\t\t\t\t<\/div>\n\t\t<\/div>\n\t\t\t\t<div class=\"elementor-column elementor-col-50 elementor-inner-column elementor-element elementor-element-27fbcd5\" data-id=\"27fbcd5\" data-element_type=\"column\">\n\t\t\t<div class=\"elementor-widget-wrap\">\n\t\t\t\t\t\t\t<\/div>\n\t\t<\/div>\n\t\t\t\t\t<\/div>\n\t\t<\/section>\n\t\t\t\t<section class=\"elementor-section elementor-inner-section elementor-element elementor-element-78743ef elementor-section-full_width elementor-section-height-default elementor-section-height-default\" data-id=\"78743ef\" data-element_type=\"section\">\n\t\t\t\t\t\t<div class=\"elementor-container elementor-column-gap-default\">\n\t\t\t\t\t<div class=\"elementor-column elementor-col-50 elementor-inner-column elementor-element elementor-element-bcda78a\" data-id=\"bcda78a\" data-element_type=\"column\">\n\t\t\t<div class=\"elementor-widget-wrap\">\n\t\t\t\t\t\t\t<\/div>\n\t\t<\/div>\n\t\t\t\t<div class=\"elementor-column elementor-col-50 elementor-inner-column elementor-element elementor-element-89653d3\" data-id=\"89653d3\" data-element_type=\"column\">\n\t\t\t<div class=\"elementor-widget-wrap elementor-element-populated\">\n\t\t\t\t\t\t<div class=\"elementor-element elementor-element-85702ee elementor-widget elementor-widget-heading\" data-id=\"85702ee\" data-element_type=\"widget\" data-widget_type=\"heading.default\">\n\t\t\t\t<div class=\"elementor-widget-container\">\n\t\t\t\t\t<h2 class=\"elementor-heading-title elementor-size-default\">Les stations nautiques<\/h2>\t\t\t\t<\/div>\n\t\t\t\t<\/div>\n\t\t\t\t<div class=\"elementor-element elementor-element-81565fc elementor-widget elementor-widget-text-editor\" data-id=\"81565fc\" data-element_type=\"widget\" data-widget_type=\"text-editor.default\">\n\t\t\t\t<div class=\"elementor-widget-container\">\n\t\t\t\t\t\t\t\t\tDe nombreuses<strong> activit\u00e9s nautiques<\/strong> \u00e0 r\u00e9aliser vous attendent dans la station baln\u00e9aire de Saint Hilaire de Riez. En famille ou entre amis, vous aurez \u00e0 votre disposition 13 plages et trois stations nautiques proposant la pratique du catamaran, du char \u00e0 voile, du d\u00e9riveur, de la planche \u00e0 voile, de l&rsquo;optimist, du surf, du kayak de mer<\/span><span style=\"color: black;\">&#8230; De quoi vous laisser des souvenirs\u00a0 m\u00e9morables de votre s\u00e9jour \u00e0 Saint Hilaire de Riez !\t\t\t\t\t\t\t\t<\/div>\n\t\t\t\t<\/div>\n\t\t\t\t\t<\/div>\n\t\t<\/div>\n\t\t\t\t\t<\/div>\n\t\t<\/section>\n\t\t\t\t<section class=\"elementor-section elementor-inner-section elementor-element elementor-element-8368106 elementor-section-full_width elementor-section-height-default elementor-section-height-default\" data-id=\"8368106\" data-element_type=\"section\">\n\t\t\t\t\t\t<div class=\"elementor-container elementor-column-gap-default\">\n\t\t\t\t\t<div class=\"elementor-column elementor-col-50 elementor-inner-column elementor-element elementor-element-98a7995\" data-id=\"98a7995\" data-element_type=\"column\">\n\t\t\t<div class=\"elementor-widget-wrap elementor-element-populated\">\n\t\t\t\t\t\t<div class=\"elementor-element elementor-element-b72126e elementor-widget elementor-widget-heading\" data-id=\"b72126e\" data-element_type=\"widget\" data-widget_type=\"heading.default\">\n\t\t\t\t<div class=\"elementor-widget-container\">\n\t\t\t\t\t<h2 class=\"elementor-heading-title elementor-size-default\">Les circuits de randonn\u00e9e<\/h2>\t\t\t\t<\/div>\n\t\t\t\t<\/div>\n\t\t\t\t<div class=\"elementor-element elementor-element-35daa32 elementor-widget elementor-widget-text-editor\" data-id=\"35daa32\" data-element_type=\"widget\" data-widget_type=\"text-editor.default\">\n\t\t\t\t<div class=\"elementor-widget-container\">\n\t\t\t\t\t\t\t\t\tA Saint Hilaire de Riez, vous aurez \u00e9galement l&rsquo;occasion de r\u00e9aliser de nombreuses randonn\u00e9es dans des environnements vari\u00e9s.\u00a0 Vous pourrez vous aventurer dans des pistes cyclables, des circuits VTT ou des circuits pedestres sillonant 1500 ha de parcelles d&rsquo;eau douce, 350ha de marais sal\u00e9s et 600ha de for\u00eats. Ces randonn\u00e9es peuvent \u00eatre r\u00e9alis\u00e9es en famille ou entre amis et sont adapt\u00e9es pour les plus jeunes d&rsquo;entre nous. Apr\u00e8s votre excursion, pourquoi n&rsquo;iriez vous pas profiter d&rsquo;une petite baignade pour vous d\u00e9tendre ?\u00a0\t\t\t\t\t\t\t\t<\/div>\n\t\t\t\t<\/div>\n\t\t\t\t\t<\/div>\n\t\t<\/div>\n\t\t\t\t<div class=\"elementor-column elementor-col-50 elementor-inner-column elementor-element elementor-element-c1017f6\" data-id=\"c1017f6\" data-element_type=\"column\">\n\t\t\t<div class=\"elementor-widget-wrap\">\n\t\t\t\t\t\t\t<\/div>\n\t\t<\/div>\n\t\t\t\t\t<\/div>\n\t\t<\/section>\n\t\t\t\t<section class=\"elementor-section elementor-inner-section elementor-element elementor-element-8d95cb1 elementor-section-full_width elementor-section-height-default elementor-section-height-default\" data-id=\"8d95cb1\" data-element_type=\"section\">\n\t\t\t\t\t\t<div class=\"elementor-container elementor-column-gap-default\">\n\t\t\t\t\t<div class=\"elementor-column elementor-col-50 elementor-inner-column elementor-element elementor-element-7cf6d26\" data-id=\"7cf6d26\" data-element_type=\"column\">\n\t\t\t<div class=\"elementor-widget-wrap\">\n\t\t\t\t\t\t\t<\/div>\n\t\t<\/div>\n\t\t\t\t<div class=\"elementor-column elementor-col-50 elementor-inner-column elementor-element elementor-element-0cf8634\" data-id=\"0cf8634\" data-element_type=\"column\">\n\t\t\t<div class=\"elementor-widget-wrap elementor-element-populated\">\n\t\t\t\t\t\t<div class=\"elementor-element elementor-element-5a98f5c elementor-widget elementor-widget-heading\" data-id=\"5a98f5c\" data-element_type=\"widget\" data-widget_type=\"heading.default\">\n\t\t\t\t<div class=\"elementor-widget-container\">\n\t\t\t\t\t<h2 class=\"elementor-heading-title elementor-size-default\">La for\u00eat domaniale<\/h2>\t\t\t\t<\/div>\n\t\t\t\t<\/div>\n\t\t\t\t<div class=\"elementor-element elementor-element-bb54c40 elementor-widget elementor-widget-text-editor\" data-id=\"bb54c40\" data-element_type=\"widget\" data-widget_type=\"text-editor.default\">\n\t\t\t\t<div class=\"elementor-widget-container\">\n\t\t\t\t\t\t\t\t\t<p>La for\u00eat domaniale de Saint Hilaire de Riez d\u00e9montre \u00e0 elle seule l&rsquo;importance donn\u00e9e \u00e0 la pr\u00e9servation de l&rsquo;environnement sur les c\u00f4tes vend\u00e9ennes. Avec ses 600 ha, celle-ci est constitu\u00e9e de pins maritimes et de feuillus plant\u00e9s au bord du littoral. Cette for\u00eat est donc parfaite pour les vacanciers souhaitant se ressourcer proche de la plage. Afin de rester connect\u00e9 avec la nature environnante notre camping vous propose diff\u00e9rents emplacements pour faire du camping. Alors, pourquoi ne profiteriez vous pas des joies du camping traditionnel?<\/p>\t\t\t\t\t\t\t\t<\/div>\n\t\t\t\t<\/div>\n\t\t\t\t\t<\/div>\n\t\t<\/div>\n\t\t\t\t\t<\/div>\n\t\t<\/section>\n\t\t\t\t<section class=\"elementor-section elementor-inner-section elementor-element elementor-element-a1af956 elementor-section-full_width elementor-section-height-default elementor-section-height-default\" data-id=\"a1af956\" data-element_type=\"section\">\n\t\t\t\t\t\t<div class=\"elementor-container elementor-column-gap-default\">\n\t\t\t\t\t<div class=\"elementor-column elementor-col-50 elementor-inner-column elementor-element elementor-element-f1ad363\" data-id=\"f1ad363\" data-element_type=\"column\">\n\t\t\t<div class=\"elementor-widget-wrap elementor-element-populated\">\n\t\t\t\t\t\t<div class=\"elementor-element elementor-element-fafd85b elementor-widget elementor-widget-heading\" data-id=\"fafd85b\" data-element_type=\"widget\" data-widget_type=\"heading.default\">\n\t\t\t\t<div class=\"elementor-widget-container\">\n\t\t\t\t\t<h2 class=\"elementor-heading-title elementor-size-default\">Les animations<\/h2>\t\t\t\t<\/div>\n\t\t\t\t<\/div>\n\t\t\t\t<div class=\"elementor-element elementor-element-b1a5310 elementor-widget elementor-widget-text-editor\" data-id=\"b1a5310\" data-element_type=\"widget\" data-widget_type=\"text-editor.default\">\n\t\t\t\t<div class=\"elementor-widget-container\">\n\t\t\t\t\t\t\t\t\tDans la station baln\u00e9aire de Saint Hilaire de Riez, vous aurez, par ailleurs, l&rsquo;occasion de prendre part \u00e0 diverses animations. Vous pourrez vous joindre \u00e0 des matchs intenses de volley-ball sur la plage ou \u00e9couter des concerts donn\u00e9s dans la ville.\u00a0 Ces animations culturelles ou sportives sont disponibles gratuitement toute l&rsquo;ann\u00e9e. Bien entendu, celles-ci sont plus nombreuses durant la saison estivale. Profitez-en !\u00a0\t\t\t\t\t\t\t\t<\/div>\n\t\t\t\t<\/div>\n\t\t\t\t\t<\/div>\n\t\t<\/div>\n\t\t\t\t<div class=\"elementor-column elementor-col-50 elementor-inner-column elementor-element elementor-element-e887819\" data-id=\"e887819\" data-element_type=\"column\">\n\t\t\t<div class=\"elementor-widget-wrap\">\n\t\t\t\t\t\t\t<\/div>\n\t\t<\/div>\n\t\t\t\t\t<\/div>\n\t\t<\/section>\n\t\t\t\t<section class=\"elementor-section elementor-inner-section elementor-element elementor-element-9bd52bb elementor-section-full_width elementor-section-height-default elementor-section-height-default\" data-id=\"9bd52bb\" data-element_type=\"section\">\n\t\t\t\t\t\t<div class=\"elementor-container elementor-column-gap-default\">\n\t\t\t\t\t<div class=\"elementor-column elementor-col-50 elementor-inner-column elementor-element elementor-element-09261ba\" data-id=\"09261ba\" data-element_type=\"column\">\n\t\t\t<div class=\"elementor-widget-wrap\">\n\t\t\t\t\t\t\t<\/div>\n\t\t<\/div>\n\t\t\t\t<div class=\"elementor-column elementor-col-50 elementor-inner-column elementor-element elementor-element-3d73b66\" data-id=\"3d73b66\" data-element_type=\"column\">\n\t\t\t<div class=\"elementor-widget-wrap elementor-element-populated\">\n\t\t\t\t\t\t<div class=\"elementor-element elementor-element-d750372 elementor-widget elementor-widget-heading\" data-id=\"d750372\" data-element_type=\"widget\" data-widget_type=\"heading.default\">\n\t\t\t\t<div class=\"elementor-widget-container\">\n\t\t\t\t\t<h2 class=\"elementor-heading-title elementor-size-default\">Les visites <\/h2>\t\t\t\t<\/div>\n\t\t\t\t<\/div>\n\t\t\t\t<div class=\"elementor-element elementor-element-fe3e8be elementor-widget elementor-widget-text-editor\" data-id=\"fe3e8be\" data-element_type=\"widget\" data-widget_type=\"text-editor.default\">\n\t\t\t\t<div class=\"elementor-widget-container\">\n\t\t\t\t\t\t\t\t\tDe nombreux lieux sont \u00e0 d\u00e9couvrir \u00e0 Saint-Hilaire de Riez. Parmi les nombreuses visites du patrimoine que vous serez ammen\u00e9 \u00e0 r\u00e9aliser, vous pourrez entre-autre d\u00e9couvrir <strong>les marais salants de la vie<\/strong> et ainsi apprendre comment se r\u00e9alise la r\u00e9colte du sel. Vous aurez aussi l&rsquo;opportunit\u00e9 d&rsquo;appercevoir la bourrine du bois Juquaud (Mus\u00e9e de France) dans un site naturel prot\u00e9g\u00e9.<\/p>\t\t\t\t\t\t\t\t<\/div>\n\t\t\t\t<\/div>\n\t\t\t\t\t<\/div>\n\t\t<\/div>\n\t\t\t\t\t<\/div>\n\t\t<\/section>\n\t\t\t\t\t<\/div>\n\t\t<\/div>\n\t\t\t\t\t<\/div>\n\t\t<\/section>\n\t\t\t\t<\/div>\n\t\t","protected":false},"excerpt":{"rendered":"<p>St Hilaire de Riez: les lieux \u00e0 d\u00e9couvrir D\u00e9couvrir Saint-Hilaire-de-Riez, c\u2019est profiter \u00e0 la fois de la magie de l\u2019oc\u00e9an, de la qui\u00e9tude de la for\u00eat et du charme de marais ancestraux.C\u2019est aller \u00e0 la rencontre d\u2019une authentique cit\u00e9 baln\u00e9aire, dot\u00e9e de nombreux \u00e9quipements sportifs et de loisirs, mais pr\u00e9serv\u00e9e des abus de l\u2019urbanisation. Pr\u00e9c\u00e9dent &#8230; <a title=\"St Hilaire de Riez\" class=\"read-more\" href=\"https:\/\/agence-webmarketing.eu\/camping-pdb\/tourisme\/st-hilaire-de-riez\/\" aria-label=\"En savoir plus sur St Hilaire de Riez\">Lire la suite<\/a><\/p>\n","protected":false},"author":1,"featured_media":0,"parent":28,"menu_order":0,"comment_status":"closed","ping_status":"closed","template":"elementor_header_footer","meta":{"footnotes":""},"aioseo_notices":[],"_links":{"self":[{"href":"https:\/\/agence-webmarketing.eu\/camping-pdb\/wp-json\/wp\/v2\/pages\/70"}],"collection":[{"href":"https:\/\/agence-webmarketing.eu\/camping-pdb\/wp-json\/wp\/v2\/pages"}],"about":[{"href":"https:\/\/agence-webmarketing.eu\/camping-pdb\/wp-json\/wp\/v2\/types\/page"}],"author":[{"embeddable":true,"href":"https:\/\/agence-webmarketing.eu\/camping-pdb\/wp-json\/wp\/v2\/users\/1"}],"replies":[{"embeddable":true,"href":"https:\/\/agence-webmarketing.eu\/camping-pdb\/wp-json\/wp\/v2\/comments?post=70"}],"version-history":[{"count":0,"href":"https:\/\/agence-webmarketing.eu\/camping-pdb\/wp-json\/wp\/v2\/pages\/70\/revisions"}],"up":[{"embeddable":true,"href":"https:\/\/agence-webmarketing.eu\/camping-pdb\/wp-json\/wp\/v2\/pages\/28"}],"wp:attachment":[{"href":"https:\/\/agence-webmarketing.eu\/camping-pdb\/wp-json\/wp\/v2\/media?parent=70"}],"curies":[{"name":"wp","href":"https:\/\/api.w.org\/{rel}","templated":true}]}}